{"id":892,"date":"2022-08-10T02:40:50","date_gmt":"2022-08-09T23:40:50","guid":{"rendered":"http:\/\/terateknoloji.com.tr\/?post_type=product&#038;p=892"},"modified":"2022-11-17T16:34:34","modified_gmt":"2022-11-17T13:34:34","slug":"zd410-2-inc-masaustu-yazici","status":"publish","type":"product","link":"https:\/\/terateknoloji.com.tr\/index.php\/product\/zd410-2-inc-masaustu-yazici\/","title":{"rendered":"ZD410 2&#8243; Masa\u00fcst\u00fc Yaz\u0131c\u0131"},"content":{"rendered":"<p>[vc_row][vc_column][vc_column_text css=&#8221;.vc_custom_1660088491796{margin-bottom: 1% !important;}&#8221;]<\/p>\n<p class=\"content-callout\">ZD410, s\u0131n\u0131f\u0131n\u0131n en k\u00fc\u00e7\u00fck yaz\u0131c\u0131s\u0131 olup, en dar masa\u00fcst\u00fc veya raflara dahi kolayl\u0131kla s\u0131\u011far. 203 dpi veya 300 dpi bask\u0131 \u00e7\u00f6z\u00fcn\u00fcrl\u00fckl\u00fc modellere sahip ZD410, raf \u00f6mr\u00fc bir y\u0131ldan az olan etiketleri yazd\u0131rmak i\u00e7in idealdir.<\/p>\n<p>[\/vc_column_text][ld_spacer][ld_tabs style=&#8221;style09&#8243;][ld_tab_section title=&#8221;\u00d6zellikler&#8221; tab_id=&#8221;lqd-1653376168701-49002ac4-c98b&#8221;][ld_fancy_heading tag=&#8221;p&#8221;]BASKI GEN\u0130\u015eL\u0130\u011e\u0130<br \/>\n2,2\u201d\/56 mm<\/p>\n<p>\u0130LET\u0130\u015e\u0130M Y\u00d6NTEMLER\u0130<br \/>\nUSB 2.0, Bluetooth D\u00fc\u015f\u00fck Enerji, USB Sunucu<br \/>\nRS-232 Seri (opsiyon)<br \/>\n10\/100 Ethernet (opsiyon)<br \/>\nKablosuz: Bluetooth 4.1&#8217;li 802.11ac (opsiyon)<\/p>\n<p>MEDYA SENS\u00d6RLER\u0130<br \/>\n\u00c7ok konumlu aktar\u0131c\u0131 ve tam geni\u015flikli yans\u0131t\u0131c\u0131 sens\u00f6rler<\/p>\n<p>MAKS\u0130MUM BASKI HIZI<br \/>\n6\u201d\/152 mm\/saniye @ 203 dpi\/8 nokta\/mm<br \/>\n4\u201d\/102 mm\/saniye @ 300 dpi\/12 nokta\/mm<\/p>\n<p>BASKI \u00c7\u00d6Z\u00dcN\u00dcRL\u00dc\u011e\u00dc<br \/>\n203 dpi\/8 nokta\/mm<br \/>\n300 dpi\/12 nokta\/mm[\/ld_fancy_heading][\/ld_tab_section][ld_tab_section title=&#8221;Sekt\u00f6rler&#8221; tab_id=&#8221;lqd-1653376168718-58aed1ab-67ee&#8221;][vc_column_text]<\/p>\n<ul>\n<li>Sa\u011fl\u0131k Sekt\u00f6r\u00fc<\/li>\n<li>Ta\u015f\u0131mac\u0131l\u0131k<\/li>\n<li>Perakende<\/li>\n<li>\u0130malat<\/li>\n<\/ul>\n<p>[\/vc_column_text][\/ld_tab_section][ld_tab_section title=&#8221;Kullan\u0131m Alanlar\u0131&#8221; tab_id=&#8221;lqd-1653376209483-3275f1cb-e370&#8243;][vc_column_text][\/vc_column_text][\/ld_tab_section][\/ld_tabs][\/vc_column][\/vc_row]<\/p>\n","protected":false},"excerpt":{"rendered":"<p>[vc_row][vc_column][vc_column_text css=&#8221;.vc_custom_1660088491796{margin-bottom: 1% !important;}&#8221;] ZD410, s\u0131n\u0131f\u0131n\u0131n en k\u00fc\u00e7\u00fck yaz\u0131c\u0131s\u0131 olup, en dar masa\u00fcst\u00fc veya raflara dahi kolayl\u0131kla s\u0131\u011far. 203 dpi veya 300 dpi bask\u0131 \u00e7\u00f6z\u00fcn\u00fcrl\u00fckl\u00fc modellere sahip ZD410, raf \u00f6mr\u00fc bir y\u0131ldan az olan etiketleri yazd\u0131rmak i\u00e7in idealdir. [\/vc_column_text][ld_spacer][ld_tabs style=&#8221;style09&#8243;][ld_tab_section title=&#8221;\u00d6zellikler&#8221; tab_id=&#8221;lqd-1653376168701-49002ac4-c98b&#8221;][ld_fancy_heading tag=&#8221;p&#8221;]BASKI GEN\u0130\u015eL\u0130\u011e\u0130 2,2\u201d\/56 mm \u0130LET\u0130\u015e\u0130M Y\u00d6NTEMLER\u0130 USB 2.0, Bluetooth D\u00fc\u015f\u00fck Enerji, USB Sunucu [&hellip;]<\/p>\n","protected":false},"featured_media":893,"comment_status":"closed","ping_status":"closed","template":"","meta":{"_joinchat":[]},"product_brand":[],"product_cat":[45,43],"product_tag":[],"class_list":{"0":"post-892","1":"product","2":"type-product","3":"status-publish","4":"has-post-thumbnail","6":"product_cat-masaustu-yazicilar","7":"product_cat-yazicilar","9":"first","10":"instock","11":"taxable","12":"shipping-taxable","13":"product-type-simple"},"_links":{"self":[{"href":"https:\/\/terateknoloji.com.tr\/index.php\/wp-json\/wp\/v2\/product\/892","targetHints":{"allow":["GET"]}}],"collection":[{"href":"https:\/\/terateknoloji.com.tr\/index.php\/wp-json\/wp\/v2\/product"}],"about":[{"href":"https:\/\/terateknoloji.com.tr\/index.php\/wp-json\/wp\/v2\/types\/product"}],"replies":[{"embeddable":true,"href":"https:\/\/terateknoloji.com.tr\/index.php\/wp-json\/wp\/v2\/comments?post=892"}],"wp:featuredmedia":[{"embeddable":true,"href":"https:\/\/terateknoloji.com.tr\/index.php\/wp-json\/wp\/v2\/media\/893"}],"wp:attachment":[{"href":"https:\/\/terateknoloji.com.tr\/index.php\/wp-json\/wp\/v2\/media?parent=892"}],"wp:term":[{"taxonomy":"product_brand","embeddable":true,"href":"https:\/\/terateknoloji.com.tr\/index.php\/wp-json\/wp\/v2\/product_brand?post=892"},{"taxonomy":"product_cat","embeddable":true,"href":"https:\/\/terateknoloji.com.tr\/index.php\/wp-json\/wp\/v2\/product_cat?post=892"},{"taxonomy":"product_tag","embeddable":true,"href":"https:\/\/terateknoloji.com.tr\/index.php\/wp-json\/wp\/v2\/product_tag?post=892"}],"curies":[{"name":"wp","href":"https:\/\/api.w.org\/{rel}","templated":true}]}}