{"id":827,"date":"2022-08-10T00:31:57","date_gmt":"2022-08-09T21:31:57","guid":{"rendered":"http:\/\/terateknoloji.com.tr\/?post_type=product&#038;p=827"},"modified":"2022-08-15T17:21:31","modified_gmt":"2022-08-15T14:21:31","slug":"et45-enterprise-tablet","status":"publish","type":"product","link":"https:\/\/terateknoloji.com.tr\/index.php\/product\/et45-enterprise-tablet\/","title":{"rendered":"ET45 Enterprise Tablet"},"content":{"rendered":"<p>[vc_row][vc_column][vc_column_text css=&#8221;.vc_custom_1660080748915{margin-bottom: 1% !important;}&#8221;]<\/p>\n<h4 class=\"content-callout\">SAHADA \u00c7ALI\u015eANLAR \u0130\u00c7\u0130N<\/h4>\n<p>ET45, g\u00fcnlerini paketleri al\u0131p teslim ederek ge\u00e7iren s\u00fcr\u00fcc\u00fclerin verimlili\u011fi en \u00fcst d\u00fczeye \u00e7\u0131karmak ve programa uymak i\u00e7in ihtiya\u00e7 duyduklar\u0131 t\u00fcm \u00f6zellikleri sundu\u011fundan, idealdir. 5G ve Wi-Fi 6 ile s\u00fcr\u00fcc\u00fcler yolda ve depoda en h\u0131zl\u0131 ve en g\u00fcvenilir kablosuz ba\u011flant\u0131lara sahip olur. Y\u00fcksek \u00e7\u00f6z\u00fcn\u00fcrl\u00fckl\u00fc renkli kamera, teslimat kan\u0131t\u0131 ve paket durumu i\u00e7in foto\u011fraf \u00e7ekmeyi kolayla\u015ft\u0131r\u0131r. Entegre barkod tarama, kamyonun i\u00e7inde envanter almay\u0131 kolayla\u015ft\u0131r\u0131r ve her durakta do\u011fru paketi h\u0131zl\u0131ca bulur. Do\u011fru faturalar\u0131 hemen yazd\u0131rmak i\u00e7in bir Bluetooth yaz\u0131c\u0131 ba\u011flay\u0131n. S\u00fcr\u00fcc\u00fclerin m\u00fc\u015fterilerden teslim alma veya teslimat noktas\u0131nda \u00f6deme yapmas\u0131n\u0131 sa\u011flamak i\u00e7in yenilik\u00e7i \u00f6deme \u00e7\u00f6z\u00fcmleriyle bir mobil sat\u0131\u015f noktas\u0131 (POS) olu\u015fturun. Sevkiyat, t\u00fcm s\u00fcr\u00fcc\u00fclerin konumunu her zaman g\u00f6rebilir, bu da kilometreyi ve yak\u0131t maliyetlerini azaltmak i\u00e7in daha verimli y\u00f6nlendirme sa\u011flar. \u0130ste\u011fe ba\u011fl\u0131 iki y\u00f6nl\u00fc telsiz ve g\u00fcvenli yaz\u0131l\u0131 mesajla\u015fma ileti\u015fimiyle, t\u00fcm s\u00fcr\u00fcc\u00fclerinize her zaman saniyeler i\u00e7inde eri\u015filebilirsiniz, bu da daha i\u015fbirli\u011fine dayal\u0131 ve \u00e7evik bir ekip sa\u011flar.[\/vc_column_text][ld_spacer][ld_tabs style=&#8221;style09&#8243;][ld_tab_section title=&#8221;\u00d6zellikler&#8221; tab_id=&#8221;lqd-1653376168701-49002ac4-c98b&#8221;][ld_fancy_heading tag=&#8221;p&#8221;]\u0130\u015eLET\u0130M S\u0130STEM\u0130 VE CPU<br \/>\nAndroid 11, Android 14&#8217;e y\u00fckseltilebilir<br \/>\nQualcomm Snapdragon\u2122 SM6375<br \/>\nOcta-Core (8): 2.2 GHz (2) and 1.8 GHz (6)<\/p>\n<p>BOYUTLAR VE A\u011eIRLIK<br \/>\nBoyutlar<br \/>\n8 in\u00e7:<br \/>\n8.42 in\u00e7 U x 5,32 in\u00e7 Y x 0.45 in\u00e7 D<br \/>\n213,9 mm U x 134,8 mm Y x 11,4 mm B<br \/>\n10 in\u00e7:<br \/>\n10.15 in\u00e7 U x 6.41 in\u00e7 Y x 0.45 in\u00e7 D<br \/>\n257,9 mm U x 162,9 mm Y x 11,4 mm D<br \/>\nA\u011f\u0131rl\u0131k<br \/>\n8 in\u00e7: 485 g<br \/>\n10 in\u00e7: 690 g<\/p>\n<p>EKRAN<br \/>\n8 in\u00e7: 500 nit, renkli WXGA 1280&#215;800<br \/>\n10,1 in\u00e7: 500 nit, renkli WXGA 1920&#215;1200<br \/>\nCorning Gorilla Glass<\/p>\n<p>DAYANIKLI \u00d6ZELL\u0130KLER<br \/>\nMIL-STD-810H uyar\u0131nca 1,2 m y\u00fckseklikten betona d\u00fc\u015fmeye dayan\u0131kl\u0131<br \/>\niste\u011fe ba\u011fl\u0131 dayan\u0131kl\u0131 k\u0131l\u0131f ile: MIL-STD-810H uyar\u0131nca 1,55 m\u2019den d\u00fc\u015fmeye dayan\u0131kl\u0131<br \/>\nIP65<br \/>\n\u00c7al\u0131\u015fma S\u0131cakl\u0131\u011f\u0131: -20\u00b0C ila 50\u00b0C aras\u0131<br \/>\nP\u0130L<br \/>\n8 in\u00e7: 6100 mAh 3,87 V \u015farj edilebilir Li-Ion Polimer; kullan\u0131c\u0131 taraf\u0131ndan de\u011fi\u015ftirilebilir (23.61 Wh)<br \/>\n10 in\u00e7: 7600 mAh 3,87 V \u015farj edilebilir Li-Ion Polimer; kullan\u0131c\u0131 taraf\u0131ndan de\u011fi\u015ftirilebilir (29.41 Wh)<br \/>\nGeni\u015fletme arka aksesuar ile birlikte kullan\u0131m i\u00e7in iste\u011fe ba\u011fl\u0131 \u00e7al\u0131\u015f\u0131rken de\u011fi\u015ftirilebilir 3400 mAh 7,6 V (25,84 Wh) ikincil pil<\/p>\n<p>ENTEGRE BARKOD OKUMA<br \/>\nSE4100 1 Boyutlu \/ 2 Boyutlu Tarama Motoru;<br \/>\nSE4710 1 Boyutlu \/ 2 Boyutlu Tarama Motoru<br \/>\nPremium SKU: IntelliFocus\u2122 teknolojisine sahip SE55 1 Boyutlu \/ 2 Boyutlu Geli\u015fmi\u015f Menzilli barkod okuma motoru<\/p>\n<p>KABLOSUZ \u0130LET\u0130\u015e\u0130M<br \/>\nWLAN Wi-Fi 6<br \/>\nWWAN: 5G (sadece veri)<br \/>\nGPS: GNSS destekli GPS, Galile, Beidou, Glonass.<br \/>\nWPAN: Bluetooth v5.1 S\u0131n\u0131f 2, Bluetooth D\u00fc\u015f\u00fck Enerji (BLE)[\/ld_fancy_heading][\/ld_tab_section][ld_tab_section title=&#8221;Sekt\u00f6rler&#8221; tab_id=&#8221;lqd-1653376168718-58aed1ab-67ee&#8221;][vc_column_text]<\/p>\n<ul>\n<li>Ta\u015f\u0131mac\u0131l\u0131k<\/li>\n<li>Saha Mobil \u00c7\u00f6z\u00fcmleri<\/li>\n<\/ul>\n<p>[\/vc_column_text][\/ld_tab_section][ld_tab_section title=&#8221;Kullan\u0131m Alanlar\u0131&#8221; tab_id=&#8221;lqd-1653376209483-3275f1cb-e370&#8243;][vc_column_text][\/vc_column_text][\/ld_tab_section][\/ld_tabs][\/vc_column][\/vc_row]<\/p>\n","protected":false},"excerpt":{"rendered":"<p>[vc_row][vc_column][vc_column_text css=&#8221;.vc_custom_1660080748915{margin-bottom: 1% !important;}&#8221;] SAHADA \u00c7ALI\u015eANLAR \u0130\u00c7\u0130N ET45, g\u00fcnlerini paketleri al\u0131p teslim ederek ge\u00e7iren s\u00fcr\u00fcc\u00fclerin verimlili\u011fi en \u00fcst d\u00fczeye \u00e7\u0131karmak ve programa uymak i\u00e7in ihtiya\u00e7 duyduklar\u0131 t\u00fcm \u00f6zellikleri sundu\u011fundan, idealdir. 5G ve Wi-Fi 6 ile s\u00fcr\u00fcc\u00fcler yolda ve depoda en h\u0131zl\u0131 ve en g\u00fcvenilir kablosuz ba\u011flant\u0131lara sahip olur. Y\u00fcksek \u00e7\u00f6z\u00fcn\u00fcrl\u00fckl\u00fc renkli kamera, teslimat kan\u0131t\u0131 ve [&hellip;]<\/p>\n","protected":false},"featured_media":826,"comment_status":"closed","ping_status":"closed","template":"","meta":{"_joinchat":[]},"product_brand":[],"product_cat":[38,41],"product_tag":[],"class_list":{"0":"post-827","1":"product","2":"type-product","3":"status-publish","4":"has-post-thumbnail","6":"product_cat-mobil-bilgisayarlar","7":"product_cat-tabletler","9":"first","10":"instock","11":"taxable","12":"shipping-taxable","13":"product-type-simple"},"_links":{"self":[{"href":"https:\/\/terateknoloji.com.tr\/index.php\/wp-json\/wp\/v2\/product\/827","targetHints":{"allow":["GET"]}}],"collection":[{"href":"https:\/\/terateknoloji.com.tr\/index.php\/wp-json\/wp\/v2\/product"}],"about":[{"href":"https:\/\/terateknoloji.com.tr\/index.php\/wp-json\/wp\/v2\/types\/product"}],"replies":[{"embeddable":true,"href":"https:\/\/terateknoloji.com.tr\/index.php\/wp-json\/wp\/v2\/comments?post=827"}],"wp:featuredmedia":[{"embeddable":true,"href":"https:\/\/terateknoloji.com.tr\/index.php\/wp-json\/wp\/v2\/media\/826"}],"wp:attachment":[{"href":"https:\/\/terateknoloji.com.tr\/index.php\/wp-json\/wp\/v2\/media?parent=827"}],"wp:term":[{"taxonomy":"product_brand","embeddable":true,"href":"https:\/\/terateknoloji.com.tr\/index.php\/wp-json\/wp\/v2\/product_brand?post=827"},{"taxonomy":"product_cat","embeddable":true,"href":"https:\/\/terateknoloji.com.tr\/index.php\/wp-json\/wp\/v2\/product_cat?post=827"},{"taxonomy":"product_tag","embeddable":true,"href":"https:\/\/terateknoloji.com.tr\/index.php\/wp-json\/wp\/v2\/product_tag?post=827"}],"curies":[{"name":"wp","href":"https:\/\/api.w.org\/{rel}","templated":true}]}}