{"id":1545,"date":"2022-09-08T11:47:32","date_gmt":"2022-09-08T08:47:32","guid":{"rendered":"https:\/\/terateknoloji.com.tr\/?post_type=product&#038;p=1545"},"modified":"2022-09-08T11:47:32","modified_gmt":"2022-09-08T08:47:32","slug":"hd4000-kurumsal-kafaya-monte-ekran-3","status":"publish","type":"product","link":"https:\/\/terateknoloji.com.tr\/index.php\/product\/hd4000-kurumsal-kafaya-monte-ekran-3\/","title":{"rendered":"HD4000 Kurumsal Kafaya Monte Ekran"},"content":{"rendered":"<p>[vc_row][vc_column][vc_column_text css=&#8221;.vc_custom_1660053152348{margin-bottom: 1% !important;}&#8221;]<\/p>\n<h4 class=\"content-callout productseries__subtitle\">ELLER SERBEST Y\u00d6NET\u0130LEN \u0130\u015e AKI\u015eLARI \u0130LE VER\u0130ML\u0130L\u0130\u011e\u0130 VE HATASIZLI\u011eI ARTIRIN<\/h4>\n<div class=\"productseries__description\">\n<p>T\u00fcr\u00fcn\u00fcn ilk \u00f6rne\u011fi olan dayan\u0131kl\u0131 HD4000 Kurumsal Kafaya Monte Ekran sayesinde, personelinizin ger\u00e7ek zamanl\u0131 g\u00f6r\u00fc\u015f alan\u0131na en somut durum bilgilerini ekleyerek g\u00f6rev verimlili\u011fini ve hatas\u0131zl\u0131\u011f\u0131n\u0131 art\u0131r\u0131n. Verileri elde etmek i\u00e7in mobil bilgisayardaki bir uygulamaya bakmak gerekmedi\u011finden, eller ve g\u00f6zler i\u015flere odaklanmak i\u00e7in her zaman serbesttir.<\/p>\n<\/div>\n<p>[\/vc_column_text][ld_spacer][ld_tabs style=&#8221;style09&#8243;][ld_tab_section title=&#8221;\u00d6zellikler&#8221; tab_id=&#8221;lqd-1653376168701-49002ac4-c98b&#8221;][ld_fancy_heading tag=&#8221;p&#8221;]EKRAN<br \/>\nTam Renkli OED 640 x 400 Piksel<\/p>\n<p>G\u00d6R\u00dc\u015e ALANI<br \/>\n20,3&#8242; Diyagonal<\/p>\n<p>EYE BOX<br \/>\n7,5 mm x 9 mm<\/p>\n<p>G\u00d6Z RAHATLI\u011eI<br \/>\n18 mm<\/p>\n<p>PARLAKLIK<br \/>\n300 cd\/m2<\/p>\n<p>KAMERA<br \/>\n5 MP, Sabit Odakl\u0131<\/p>\n<p>C\u0130HAZ TAK\u0130P\u00c7\u0130S\u0130<br \/>\n9 eksenli entegre sens\u00f6r[\/ld_fancy_heading][\/ld_tab_section][ld_tab_section title=&#8221;Sekt\u00f6rler&#8221; tab_id=&#8221;lqd-1653376168718-58aed1ab-67ee&#8221;][vc_column_text]<\/p>\n<ul>\n<li>Depo Y\u00f6netimi<\/li>\n<li>\u0130malat<\/li>\n<li>Saha Mobil \u00c7\u00f6z\u00fcmleri<\/li>\n<li>Perakende<\/li>\n<\/ul>\n<p>[\/vc_column_text][\/ld_tab_section][ld_tab_section title=&#8221;Kullan\u0131m Alanlar\u0131&#8221; tab_id=&#8221;lqd-1653376209483-3275f1cb-e370&#8243;][vc_column_text][\/vc_column_text][\/ld_tab_section][\/ld_tabs][\/vc_column][\/vc_row]<\/p>\n","protected":false},"excerpt":{"rendered":"<p>[vc_row][vc_column][vc_column_text css=&#8221;.vc_custom_1660053152348{margin-bottom: 1% !important;}&#8221;] ELLER SERBEST Y\u00d6NET\u0130LEN \u0130\u015e AKI\u015eLARI \u0130LE VER\u0130ML\u0130L\u0130\u011e\u0130 VE HATASIZLI\u011eI ARTIRIN T\u00fcr\u00fcn\u00fcn ilk \u00f6rne\u011fi olan dayan\u0131kl\u0131 HD4000 Kurumsal Kafaya Monte Ekran sayesinde, personelinizin ger\u00e7ek zamanl\u0131 g\u00f6r\u00fc\u015f alan\u0131na en somut durum bilgilerini ekleyerek g\u00f6rev verimlili\u011fini ve hatas\u0131zl\u0131\u011f\u0131n\u0131 art\u0131r\u0131n. Verileri elde etmek i\u00e7in mobil bilgisayardaki bir uygulamaya bakmak gerekmedi\u011finden, eller ve g\u00f6zler i\u015flere odaklanmak [&hellip;]<\/p>\n","protected":false},"featured_media":777,"comment_status":"open","ping_status":"closed","template":"","meta":{"_joinchat":[]},"product_brand":[],"product_cat":[40,38],"product_tag":[],"class_list":{"0":"post-1545","1":"product","2":"type-product","3":"status-publish","4":"has-post-thumbnail","6":"product_cat-giyilebilir-bilgisayarlar","7":"product_cat-mobil-bilgisayarlar","9":"first","10":"instock","11":"taxable","12":"shipping-taxable","13":"product-type-simple"},"_links":{"self":[{"href":"https:\/\/terateknoloji.com.tr\/index.php\/wp-json\/wp\/v2\/product\/1545","targetHints":{"allow":["GET"]}}],"collection":[{"href":"https:\/\/terateknoloji.com.tr\/index.php\/wp-json\/wp\/v2\/product"}],"about":[{"href":"https:\/\/terateknoloji.com.tr\/index.php\/wp-json\/wp\/v2\/types\/product"}],"replies":[{"embeddable":true,"href":"https:\/\/terateknoloji.com.tr\/index.php\/wp-json\/wp\/v2\/comments?post=1545"}],"wp:featuredmedia":[{"embeddable":true,"href":"https:\/\/terateknoloji.com.tr\/index.php\/wp-json\/wp\/v2\/media\/777"}],"wp:attachment":[{"href":"https:\/\/terateknoloji.com.tr\/index.php\/wp-json\/wp\/v2\/media?parent=1545"}],"wp:term":[{"taxonomy":"product_brand","embeddable":true,"href":"https:\/\/terateknoloji.com.tr\/index.php\/wp-json\/wp\/v2\/product_brand?post=1545"},{"taxonomy":"product_cat","embeddable":true,"href":"https:\/\/terateknoloji.com.tr\/index.php\/wp-json\/wp\/v2\/product_cat?post=1545"},{"taxonomy":"product_tag","embeddable":true,"href":"https:\/\/terateknoloji.com.tr\/index.php\/wp-json\/wp\/v2\/product_tag?post=1545"}],"curies":[{"name":"wp","href":"https:\/\/api.w.org\/{rel}","templated":true}]}}