{"id":1240,"date":"2022-08-11T12:43:01","date_gmt":"2022-08-11T09:43:01","guid":{"rendered":"http:\/\/terateknoloji.com.tr\/?post_type=product&#038;p=1240"},"modified":"2022-08-15T13:03:46","modified_gmt":"2022-08-15T10:03:46","slug":"rfd40-uhf-rfid-standart-sled","status":"publish","type":"product","link":"https:\/\/terateknoloji.com.tr\/index.php\/product\/rfd40-uhf-rfid-standart-sled\/","title":{"rendered":"RFD40 UHF RFID Standart Sled"},"content":{"rendered":"<p>[vc_row][vc_column][vc_column_text css=&#8221;.vc_custom_1660211120997{margin-bottom: 1% !important;}&#8221;]<\/p>\n<h4 class=\"content-callout\">\u00c7ALI\u015eANLARINIZI G\u00dc\u00c7LEND\u0130R\u0130N<\/h4>\n<p>RFD40 UHF RFID Standart Sled, sekt\u00f6rdeki en iyi okuma h\u0131zlar\u0131, okuma menzili ve art\u0131r\u0131lm\u0131\u015f pil kapasitesi ile d\u00f6ng\u00fc say\u0131m\u0131n\u0131 optimize etmenizi sa\u011flar. En \u00f6nemlisi, mevcut ve gelecekteki Zebra mobil bilgisayarlara ba\u011fland\u0131\u011f\u0131ndan, gelecek garantisine sahip olursunuz.[\/vc_column_text][ld_spacer][ld_tabs style=&#8221;style09&#8243;][ld_tab_section title=&#8221;\u00d6zellikler&#8221; tab_id=&#8221;lqd-1653376168701-49002ac4-c98b&#8221;][ld_fancy_heading tag=&#8221;p&#8221;]EN Y\u00dcKSEK OKUMA HIZLARI<br \/>\nSekt\u00f6r lideri, saniyede 1300+ etiket okuma<\/p>\n<p>OPT\u0130MUM OKUMA MENZ\u0130L\u0130<br \/>\n609,6 cm okuma menzili<\/p>\n<p>\u0130\u015eLET\u0130M S\u0130STEM\u0130 DESTE\u011e\u0130 VE BA\u011eLANTI<br \/>\nWi-Fi. Bluetooth, NFC<\/p>\n<p>D\u00dc\u015eME DAYANIKLILIK \u00d6ZELL\u0130KLER\u0130<br \/>\n1.5 metreden defalarca beton zemine d\u00fc\u015fme<\/p>\n<p>G\u00dc\u00c7<br \/>\nKolay Tak\u0131l\u0131p \u00c7\u0131kar\u0131lan, PowerPrecision+ Li-Ion 7000 mAh pil<\/p>\n<p>BOYUTLAR<br \/>\n15 cm Y x 8,4 cm G x 16,5 cm U<br \/>\n15.1 cm Y x 8.4 cm G x 16.65 cm U<\/p>\n<p>A\u011eIRLIK<br \/>\n~541 gram (pil ve k\u0131zak)[\/ld_fancy_heading][\/ld_tab_section][ld_tab_section title=&#8221;Sekt\u00f6rler&#8221; tab_id=&#8221;lqd-1653376168718-58aed1ab-67ee&#8221;][vc_column_text]<\/p>\n<ul>\n<li>Perakende<\/li>\n<li>Konaklama ve A\u011f\u0131rlama<\/li>\n<li>Sa\u011fl\u0131k sekt\u00f6r\u00fc<\/li>\n<\/ul>\n<p>[\/vc_column_text][\/ld_tab_section][ld_tab_section title=&#8221;Kullan\u0131m Alanlar\u0131&#8221; tab_id=&#8221;lqd-1653376209483-3275f1cb-e370&#8243;][vc_column_text]<\/p>\n<ul>\n<li>D\u00f6ng\u00fc Say\u0131m\u0131<\/li>\n<li>Planogram Uyumlulu\u011fu<\/li>\n<li>\u0130adeler<\/li>\n<li>Stok Y\u00f6netimi<\/li>\n<li>Giri\u015f \/ \u0130dari \u0130\u015fler<\/li>\n<li>Biletleme: Konserler, Spor Etkinlikleri ve daha fazlas\u0131<\/li>\n<li>M\u00fc\u015fteri Kartlar\u0131<\/li>\n<li>Numune Takibi<\/li>\n<li>Hasta Takibi<\/li>\n<li>Varl\u0131k Takibi ve Y\u00f6netimi<\/li>\n<\/ul>\n<p>[\/vc_column_text][\/ld_tab_section][\/ld_tabs][\/vc_column][\/vc_row]<\/p>\n","protected":false},"excerpt":{"rendered":"<p>[vc_row][vc_column][vc_column_text css=&#8221;.vc_custom_1660211120997{margin-bottom: 1% !important;}&#8221;] \u00c7ALI\u015eANLARINIZI G\u00dc\u00c7LEND\u0130R\u0130N RFD40 UHF RFID Standart Sled, sekt\u00f6rdeki en iyi okuma h\u0131zlar\u0131, okuma menzili ve art\u0131r\u0131lm\u0131\u015f pil kapasitesi ile d\u00f6ng\u00fc say\u0131m\u0131n\u0131 optimize etmenizi sa\u011flar. En \u00f6nemlisi, mevcut ve gelecekteki Zebra mobil bilgisayarlara ba\u011fland\u0131\u011f\u0131ndan, gelecek garantisine sahip olursunuz.[\/vc_column_text][ld_spacer][ld_tabs style=&#8221;style09&#8243;][ld_tab_section title=&#8221;\u00d6zellikler&#8221; tab_id=&#8221;lqd-1653376168701-49002ac4-c98b&#8221;][ld_fancy_heading tag=&#8221;p&#8221;]EN Y\u00dcKSEK OKUMA HIZLARI Sekt\u00f6r lideri, saniyede 1300+ etiket okuma OPT\u0130MUM [&hellip;]<\/p>\n","protected":false},"featured_media":1241,"comment_status":"closed","ping_status":"closed","template":"","meta":{"_joinchat":[]},"product_brand":[],"product_cat":[57,55],"product_tag":[],"class_list":{"0":"post-1240","1":"product","2":"type-product","3":"status-publish","4":"has-post-thumbnail","6":"product_cat-el-tipi-rfid-okuyucular-ve-rfid-ozellikli-okuyucular","7":"product_cat-rfid","9":"first","10":"instock","11":"taxable","12":"shipping-taxable","13":"product-type-simple"},"_links":{"self":[{"href":"https:\/\/terateknoloji.com.tr\/index.php\/wp-json\/wp\/v2\/product\/1240","targetHints":{"allow":["GET"]}}],"collection":[{"href":"https:\/\/terateknoloji.com.tr\/index.php\/wp-json\/wp\/v2\/product"}],"about":[{"href":"https:\/\/terateknoloji.com.tr\/index.php\/wp-json\/wp\/v2\/types\/product"}],"replies":[{"embeddable":true,"href":"https:\/\/terateknoloji.com.tr\/index.php\/wp-json\/wp\/v2\/comments?post=1240"}],"wp:featuredmedia":[{"embeddable":true,"href":"https:\/\/terateknoloji.com.tr\/index.php\/wp-json\/wp\/v2\/media\/1241"}],"wp:attachment":[{"href":"https:\/\/terateknoloji.com.tr\/index.php\/wp-json\/wp\/v2\/media?parent=1240"}],"wp:term":[{"taxonomy":"product_brand","embeddable":true,"href":"https:\/\/terateknoloji.com.tr\/index.php\/wp-json\/wp\/v2\/product_brand?post=1240"},{"taxonomy":"product_cat","embeddable":true,"href":"https:\/\/terateknoloji.com.tr\/index.php\/wp-json\/wp\/v2\/product_cat?post=1240"},{"taxonomy":"product_tag","embeddable":true,"href":"https:\/\/terateknoloji.com.tr\/index.php\/wp-json\/wp\/v2\/product_tag?post=1240"}],"curies":[{"name":"wp","href":"https:\/\/api.w.org\/{rel}","templated":true}]}}