{"id":1215,"date":"2022-08-10T16:21:55","date_gmt":"2022-08-10T13:21:55","guid":{"rendered":"http:\/\/terateknoloji.com.tr\/?post_type=product&#038;p=1215"},"modified":"2022-08-15T13:08:01","modified_gmt":"2022-08-15T10:08:01","slug":"fx9600-sabit-rfid-okuyucu","status":"publish","type":"product","link":"https:\/\/terateknoloji.com.tr\/index.php\/product\/fx9600-sabit-rfid-okuyucu\/","title":{"rendered":"FX9600 Sabit RFID Okuyucu"},"content":{"rendered":"<p>[vc_row][vc_column][vc_column_text css=&#8221;.vc_custom_1660137857723{margin-bottom: 1% !important;}&#8221;]<\/p>\n<h4 class=\"content-callout\">KABLOLU BA\u011eLANTI GEREKMEZ<\/h4>\n<p>Wi-Fi dongle deste\u011fi ile, FX9600 RFID okuyucular\u0131n\u0131z\u0131 mevcut Wi-Fi eri\u015fim noktan\u0131za kablosuz olarak ba\u011flayabilirsiniz \u2014 sabit kablolu ba\u011flant\u0131 gerekmez. Ayr\u0131ca Bluetooth dongle deste\u011fi ile neredeyse t\u00fcm Bluetooth \u00f6zellikli ana bilgisayar veya el tipi cihaz\u0131 FX9600&#8217;e do\u011frudan ba\u011flayarak esnekli\u011fi, i\u015flem h\u0131z\u0131 ve uygulama performans\u0131n\u0131 artt\u0131rabilirsiniz.[\/vc_column_text][ld_spacer][ld_tabs style=&#8221;style09&#8243;][ld_tab_section title=&#8221;\u00d6zellikler&#8221; tab_id=&#8221;lqd-1653376168701-49002ac4-c98b&#8221;][ld_fancy_heading tag=&#8221;p&#8221;]SINIF<br \/>\nEnd\u00fcstriyel-Dayan\u0131kl\u0131<\/p>\n<p>A\u011eIRLIK<br \/>\nYakla\u015f\u0131k 2,13 kg<\/p>\n<p>KASA<br \/>\nPres d\u00f6k\u00fcm al\u00fcminyum, IP53 standartlar\u0131na uygundur<\/p>\n<p>G\u00dc\u00c7 KAYNA\u011eI<br \/>\nPOE (802.3af) POE+ (802.3at) +24V DC<br \/>\n(UL Onayl\u0131)<\/p>\n<p>BA\u011eLANTI<br \/>\n10 \/ 100 BaseT Ethernet (RJ45); USB Sunucu &amp; \u0130stemci (Tip A &amp; B); Seri (DB9)<\/p>\n<p>USB portlu konfig\u00fcrasyonlarda USB\u2019nin tam olarak \u00e7al\u0131\u015fmas\u0131 i\u00e7in harici bir USB portu gereklidir.<\/p>\n<p>BELLEK<br \/>\nFla\u015f 512 MB; DRAM 256 MB[\/ld_fancy_heading][\/ld_tab_section][ld_tab_section title=&#8221;Sekt\u00f6rler&#8221; tab_id=&#8221;lqd-1653376168718-58aed1ab-67ee&#8221;][vc_column_text]<\/p>\n<ul>\n<li>\u0130malat<\/li>\n<li>Depo Y\u00f6netimi<\/li>\n<\/ul>\n<p>[\/vc_column_text][\/ld_tab_section][ld_tab_section title=&#8221;Kullan\u0131m Alanlar\u0131&#8221; tab_id=&#8221;lqd-1653376209483-3275f1cb-e370&#8243;][vc_column_text]<\/p>\n<ul>\n<li>Y\u00fcksek Hacimli Paletler ve Konteynerler<\/li>\n<li>Y\u00fcksek Metal veya S\u0131v\u0131 \u0130\u00e7eri\u011fine Sahip Zorlay\u0131c\u0131<\/li>\n<li>Malzemeler<\/li>\n<li>B\u00fcy\u00fck Da\u011f\u0131t\u0131m Sahalar\u0131<\/li>\n<\/ul>\n<p>[\/vc_column_text][\/ld_tab_section][\/ld_tabs][\/vc_column][\/vc_row]<\/p>\n","protected":false},"excerpt":{"rendered":"<p>[vc_row][vc_column][vc_column_text css=&#8221;.vc_custom_1660137857723{margin-bottom: 1% !important;}&#8221;] KABLOLU BA\u011eLANTI GEREKMEZ Wi-Fi dongle deste\u011fi ile, FX9600 RFID okuyucular\u0131n\u0131z\u0131 mevcut Wi-Fi eri\u015fim noktan\u0131za kablosuz olarak ba\u011flayabilirsiniz \u2014 sabit kablolu ba\u011flant\u0131 gerekmez. Ayr\u0131ca Bluetooth dongle deste\u011fi ile neredeyse t\u00fcm Bluetooth \u00f6zellikli ana bilgisayar veya el tipi cihaz\u0131 FX9600&#8217;e do\u011frudan ba\u011flayarak esnekli\u011fi, i\u015flem h\u0131z\u0131 ve uygulama performans\u0131n\u0131 artt\u0131rabilirsiniz.[\/vc_column_text][ld_spacer][ld_tabs style=&#8221;style09&#8243;][ld_tab_section title=&#8221;\u00d6zellikler&#8221; tab_id=&#8221;lqd-1653376168701-49002ac4-c98b&#8221;][ld_fancy_heading tag=&#8221;p&#8221;]SINIF [&hellip;]<\/p>\n","protected":false},"featured_media":1216,"comment_status":"closed","ping_status":"closed","template":"","meta":{"_joinchat":[]},"product_brand":[],"product_cat":[55,56],"product_tag":[],"class_list":{"0":"post-1215","1":"product","2":"type-product","3":"status-publish","4":"has-post-thumbnail","6":"product_cat-rfid","7":"product_cat-sabit-rfid-okuyucular-ve-altyapi","9":"first","10":"instock","11":"taxable","12":"shipping-taxable","13":"product-type-simple"},"_links":{"self":[{"href":"https:\/\/terateknoloji.com.tr\/index.php\/wp-json\/wp\/v2\/product\/1215","targetHints":{"allow":["GET"]}}],"collection":[{"href":"https:\/\/terateknoloji.com.tr\/index.php\/wp-json\/wp\/v2\/product"}],"about":[{"href":"https:\/\/terateknoloji.com.tr\/index.php\/wp-json\/wp\/v2\/types\/product"}],"replies":[{"embeddable":true,"href":"https:\/\/terateknoloji.com.tr\/index.php\/wp-json\/wp\/v2\/comments?post=1215"}],"wp:featuredmedia":[{"embeddable":true,"href":"https:\/\/terateknoloji.com.tr\/index.php\/wp-json\/wp\/v2\/media\/1216"}],"wp:attachment":[{"href":"https:\/\/terateknoloji.com.tr\/index.php\/wp-json\/wp\/v2\/media?parent=1215"}],"wp:term":[{"taxonomy":"product_brand","embeddable":true,"href":"https:\/\/terateknoloji.com.tr\/index.php\/wp-json\/wp\/v2\/product_brand?post=1215"},{"taxonomy":"product_cat","embeddable":true,"href":"https:\/\/terateknoloji.com.tr\/index.php\/wp-json\/wp\/v2\/product_cat?post=1215"},{"taxonomy":"product_tag","embeddable":true,"href":"https:\/\/terateknoloji.com.tr\/index.php\/wp-json\/wp\/v2\/product_tag?post=1215"}],"curies":[{"name":"wp","href":"https:\/\/api.w.org\/{rel}","templated":true}]}}