{"id":1183,"date":"2022-08-10T15:39:54","date_gmt":"2022-08-10T12:39:54","guid":{"rendered":"http:\/\/terateknoloji.com.tr\/?post_type=product&#038;p=1183"},"modified":"2022-08-15T13:16:48","modified_gmt":"2022-08-15T10:16:48","slug":"ds3600-kd","status":"publish","type":"product","link":"https:\/\/terateknoloji.com.tr\/index.php\/product\/ds3600-kd\/","title":{"rendered":"DS3600-KD"},"content":{"rendered":"<p>[vc_row][vc_column][vc_column_text css=&#8221;.vc_custom_1660135427910{margin-bottom: 1% !important;}&#8221;]<\/p>\n<h4 class=\"content-callout\">RAK\u0130PS\u0130Z Y\u00d6NET\u0130LEB\u0130L\u0130RL\u0130K<\/h4>\n<p>Sekt\u00f6r\u00fcn en iyisi olan \u00fccretsiz ara\u00e7lar\u0131m\u0131z, tarama yolculu\u011funuzun her a\u015famas\u0131nda barkod okuyucular\u0131n\u0131z\u0131 y\u00f6netmeyi \u00e7ok kolayla\u015ft\u0131r\u0131r. Barkod okuyucular\u0131n\u0131z\u0131 uzaktan yap\u0131land\u0131rabilir ve y\u00fckseltebilir, DS3600-KD&#8217;yi farkl\u0131 bir istasyonla e\u015fle\u015ftirerek vardiya ortas\u0131nda i\u015f ak\u0131\u015flar\u0131n\u0131 de\u011fi\u015ftirebilir, Virtual Tether ile kablosuz barkod okuyucular\u0131 takip edebilir, sorunlar\u0131 uzaktan giderebilir, pil sa\u011fl\u0131\u011f\u0131n\u0131 kolayca izleyebilir, filo genelindeki performans\u0131 ve kullan\u0131m\u0131 anlayabilir ve \u00e7ok daha fazlas\u0131n\u0131 yapabilirsiniz.[\/vc_column_text][ld_spacer][ld_tabs style=&#8221;style09&#8243;][ld_tab_section title=&#8221;\u00d6zellikler&#8221; tab_id=&#8221;lqd-1653376168701-49002ac4-c98b&#8221;][ld_fancy_heading tag=&#8221;p&#8221;]TU\u015e TAKIMI<br \/>\nArkadan ayd\u0131nlatmal\u0131 19 tu\u015flu alfasay\u0131sal; tek elle kullan\u0131m i\u00e7in ergonomik olarak tasarlanm\u0131\u015ft\u0131r<\/p>\n<p>EKRAN<br \/>\nRenkli 2 in\u00e7 QVGA; LED arka \u0131\u015f\u0131\u011f\u0131; ayarlanabilir parlakl\u0131k<\/p>\n<p>P\u0130L<br \/>\nPowerPrecision+ 3100 mAh Li-Ion<\/p>\n<p>D\u00dc\u015eME DAYANIKLILIK TOLERANSI<br \/>\n10 fit\/3 metreden defalarca beton zemine d\u00fc\u015fmeye kar\u015f\u0131 dayan\u0131kl\u0131d\u0131r<\/p>\n<p>BARKOD OKUMA TEKNOLOJ\u0130S\u0130<br \/>\nSeri Okuyucu<\/p>\n<p>SIZDIRMAZLIK<br \/>\nBarkod Okuyucu: IP65 ve IP68<br \/>\nFLB Yuva: IP65<\/p>\n<p>DE\u015e\u0130FRE \u00d6ZELL\u0130\u011e\u0130<br \/>\n1 Boyutlu, 2 Boyutlu, OCR, Foto\u011fraf, Dok\u00fcman ve Daha Fazlas\u0131[\/ld_fancy_heading][\/ld_tab_section][ld_tab_section title=&#8221;Sekt\u00f6rler&#8221; tab_id=&#8221;lqd-1653376168718-58aed1ab-67ee&#8221;][vc_column_text]<\/p>\n<ul>\n<li>Depo Y\u00f6netimi<\/li>\n<li>\u0130malat<\/li>\n<li>Perakende<\/li>\n<\/ul>\n<p>[\/vc_column_text][\/ld_tab_section][ld_tab_section title=&#8221;Kullan\u0131m Alanlar\u0131&#8221; tab_id=&#8221;lqd-1653376209483-3275f1cb-e370&#8243;][vc_column_text]<\/p>\n<ul>\n<li>Toplay\u0131n ve Paketleyin<\/li>\n<li>Stok Takibi<\/li>\n<li>\u00c7apraz y\u00fckleme<\/li>\n<li>Yar\u0131 Mamul \u00dcr\u00fcn (WIP) \u00dcretimi<\/li>\n<li>\u0130kmal<\/li>\n<li>DIY Ma\u011fazas\u0131 Sat\u0131\u015f Noktas\u0131<\/li>\n<\/ul>\n<p>[\/vc_column_text][\/ld_tab_section][\/ld_tabs][\/vc_column][\/vc_row]<\/p>\n","protected":false},"excerpt":{"rendered":"<p>[vc_row][vc_column][vc_column_text css=&#8221;.vc_custom_1660135427910{margin-bottom: 1% !important;}&#8221;] RAK\u0130PS\u0130Z Y\u00d6NET\u0130LEB\u0130L\u0130RL\u0130K Sekt\u00f6r\u00fcn en iyisi olan \u00fccretsiz ara\u00e7lar\u0131m\u0131z, tarama yolculu\u011funuzun her a\u015famas\u0131nda barkod okuyucular\u0131n\u0131z\u0131 y\u00f6netmeyi \u00e7ok kolayla\u015ft\u0131r\u0131r. Barkod okuyucular\u0131n\u0131z\u0131 uzaktan yap\u0131land\u0131rabilir ve y\u00fckseltebilir, DS3600-KD&#8217;yi farkl\u0131 bir istasyonla e\u015fle\u015ftirerek vardiya ortas\u0131nda i\u015f ak\u0131\u015flar\u0131n\u0131 de\u011fi\u015ftirebilir, Virtual Tether ile kablosuz barkod okuyucular\u0131 takip edebilir, sorunlar\u0131 uzaktan giderebilir, pil sa\u011fl\u0131\u011f\u0131n\u0131 kolayca izleyebilir, filo genelindeki performans\u0131 [&hellip;]<\/p>\n","protected":false},"featured_media":1187,"comment_status":"closed","ping_status":"closed","template":"","meta":{"_joinchat":[]},"product_brand":[],"product_cat":[49,54],"product_tag":[],"class_list":{"0":"post-1183","1":"product","2":"type-product","3":"status-publish","4":"has-post-thumbnail","6":"product_cat-barkod-okuyucular","7":"product_cat-ultra-dayanikli-barkod-okuyucular","9":"first","10":"instock","11":"taxable","12":"shipping-taxable","13":"product-type-simple"},"_links":{"self":[{"href":"https:\/\/terateknoloji.com.tr\/index.php\/wp-json\/wp\/v2\/product\/1183","targetHints":{"allow":["GET"]}}],"collection":[{"href":"https:\/\/terateknoloji.com.tr\/index.php\/wp-json\/wp\/v2\/product"}],"about":[{"href":"https:\/\/terateknoloji.com.tr\/index.php\/wp-json\/wp\/v2\/types\/product"}],"replies":[{"embeddable":true,"href":"https:\/\/terateknoloji.com.tr\/index.php\/wp-json\/wp\/v2\/comments?post=1183"}],"wp:featuredmedia":[{"embeddable":true,"href":"https:\/\/terateknoloji.com.tr\/index.php\/wp-json\/wp\/v2\/media\/1187"}],"wp:attachment":[{"href":"https:\/\/terateknoloji.com.tr\/index.php\/wp-json\/wp\/v2\/media?parent=1183"}],"wp:term":[{"taxonomy":"product_brand","embeddable":true,"href":"https:\/\/terateknoloji.com.tr\/index.php\/wp-json\/wp\/v2\/product_brand?post=1183"},{"taxonomy":"product_cat","embeddable":true,"href":"https:\/\/terateknoloji.com.tr\/index.php\/wp-json\/wp\/v2\/product_cat?post=1183"},{"taxonomy":"product_tag","embeddable":true,"href":"https:\/\/terateknoloji.com.tr\/index.php\/wp-json\/wp\/v2\/product_tag?post=1183"}],"curies":[{"name":"wp","href":"https:\/\/api.w.org\/{rel}","templated":true}]}}