{"id":1175,"date":"2022-08-10T15:06:22","date_gmt":"2022-08-10T12:06:22","guid":{"rendered":"http:\/\/terateknoloji.com.tr\/?post_type=product&#038;p=1175"},"modified":"2022-08-23T23:47:46","modified_gmt":"2022-08-23T20:47:46","slug":"ls2208-barkod-okuyucu","status":"publish","type":"product","link":"https:\/\/terateknoloji.com.tr\/index.php\/product\/ls2208-barkod-okuyucu\/","title":{"rendered":"LS2208 Barkod Okuyucu"},"content":{"rendered":"<p>[vc_row][vc_column][vc_column_text css=&#8221;.vc_custom_1660133285771{margin-bottom: 1% !important;}&#8221;]<\/p>\n<h4 class=\"content-callout\">EN \u00c7OK SATAN EL T\u0130P\u0130 BARKOD OKUYUCUMUZ<\/h4>\n<p>LS2208 b\u00fct\u00fcn g\u00fcn s\u00fcrekli kullan\u0131m i\u00e7in tasarlanm\u0131\u015ft\u0131r; bu da hizmet d\u0131\u015f\u0131 kalma s\u00fcresini ve onar\u0131m maliyetlerini \u00f6nemli oranda azalt\u0131r. \u0130lk seferinde hatas\u0131z okuma sunar. Daima bir sonraki okuma i\u00e7in haz\u0131r olan LS2208 kasa kuyruklar\u0131n\u0131n k\u0131salmas\u0131n\u0131 sa\u011flar, m\u00fc\u015fteri hizmetini iyile\u015ftirir ve verimlili\u011fi art\u0131r\u0131r.[\/vc_column_text][ld_spacer][ld_tabs style=&#8221;style09&#8243;][ld_tab_section title=&#8221;\u00d6zellikler&#8221; tab_id=&#8221;lqd-1653376168701-49002ac4-c98b&#8221;][ld_fancy_heading tag=&#8221;p&#8221;]BOYUTLAR<br \/>\n6 in\u00e7 Y x 2.5 in. G x 3.34 in. D<br \/>\n15.2 cm H x 6.3 cm W x 8.4 cm<\/p>\n<p>A\u011eIRLIK<br \/>\n5.29 oz\/150 gm<\/p>\n<p>RENK<br \/>\nKasa Alan\u0131 Beyaz veya Alacakaranl\u0131k Siyah\u0131<\/p>\n<p>MUHAFAZA<br \/>\nIP30<\/p>\n<p>D\u00dc\u015eME DAYANIKLILIK TOLERANSI<br \/>\nBirim, beton \u00fczerine 5 ft.\/1.5 m\u2019den tekrar tekrar ger\u00e7ekle\u015ftirilen d\u00fc\u015f\u00fc\u015flerde bile normal olarak \u00e7al\u0131\u015fmaya devam eder.<\/p>\n<p>BARKOD OKUMA TEKNOLOJ\u0130S\u0130<br \/>\nLazer<\/p>\n<p>DE\u015e\u0130FRE \u00d6ZELL\u0130\u011e\u0130<br \/>\n1 Boyutlu[\/ld_fancy_heading][\/ld_tab_section][ld_tab_section title=&#8221;Sekt\u00f6rler&#8221; tab_id=&#8221;lqd-1653376168718-58aed1ab-67ee&#8221;][vc_column_text]<\/p>\n<ul>\n<li>Perakende<\/li>\n<\/ul>\n<p>[\/vc_column_text][\/ld_tab_section][ld_tab_section title=&#8221;Kullan\u0131m Alanlar\u0131&#8221; tab_id=&#8221;lqd-1653376209483-3275f1cb-e370&#8243;][vc_column_text]Sat\u0131\u015f Noktas\u0131[\/vc_column_text][\/ld_tab_section][\/ld_tabs][\/vc_column][\/vc_row]<\/p>\n","protected":false},"excerpt":{"rendered":"<p>[vc_row][vc_column][vc_column_text css=&#8221;.vc_custom_1660133285771{margin-bottom: 1% !important;}&#8221;] EN \u00c7OK SATAN EL T\u0130P\u0130 BARKOD OKUYUCUMUZ LS2208 b\u00fct\u00fcn g\u00fcn s\u00fcrekli kullan\u0131m i\u00e7in tasarlanm\u0131\u015ft\u0131r; bu da hizmet d\u0131\u015f\u0131 kalma s\u00fcresini ve onar\u0131m maliyetlerini \u00f6nemli oranda azalt\u0131r. \u0130lk seferinde hatas\u0131z okuma sunar. Daima bir sonraki okuma i\u00e7in haz\u0131r olan LS2208 kasa kuyruklar\u0131n\u0131n k\u0131salmas\u0131n\u0131 sa\u011flar, m\u00fc\u015fteri hizmetini iyile\u015ftirir ve verimlili\u011fi art\u0131r\u0131r.[\/vc_column_text][ld_spacer][ld_tabs style=&#8221;style09&#8243;][ld_tab_section title=&#8221;\u00d6zellikler&#8221; [&hellip;]<\/p>\n","protected":false},"featured_media":1176,"comment_status":"closed","ping_status":"closed","template":"","meta":{"_joinchat":[]},"product_brand":[],"product_cat":[49,51],"product_tag":[],"class_list":{"0":"post-1175","1":"product","2":"type-product","3":"status-publish","4":"has-post-thumbnail","6":"product_cat-barkod-okuyucular","7":"product_cat-el-tipi-barkod-okuyucular","9":"first","10":"instock","11":"taxable","12":"shipping-taxable","13":"product-type-simple"},"_links":{"self":[{"href":"https:\/\/terateknoloji.com.tr\/index.php\/wp-json\/wp\/v2\/product\/1175","targetHints":{"allow":["GET"]}}],"collection":[{"href":"https:\/\/terateknoloji.com.tr\/index.php\/wp-json\/wp\/v2\/product"}],"about":[{"href":"https:\/\/terateknoloji.com.tr\/index.php\/wp-json\/wp\/v2\/types\/product"}],"replies":[{"embeddable":true,"href":"https:\/\/terateknoloji.com.tr\/index.php\/wp-json\/wp\/v2\/comments?post=1175"}],"wp:featuredmedia":[{"embeddable":true,"href":"https:\/\/terateknoloji.com.tr\/index.php\/wp-json\/wp\/v2\/media\/1176"}],"wp:attachment":[{"href":"https:\/\/terateknoloji.com.tr\/index.php\/wp-json\/wp\/v2\/media?parent=1175"}],"wp:term":[{"taxonomy":"product_brand","embeddable":true,"href":"https:\/\/terateknoloji.com.tr\/index.php\/wp-json\/wp\/v2\/product_brand?post=1175"},{"taxonomy":"product_cat","embeddable":true,"href":"https:\/\/terateknoloji.com.tr\/index.php\/wp-json\/wp\/v2\/product_cat?post=1175"},{"taxonomy":"product_tag","embeddable":true,"href":"https:\/\/terateknoloji.com.tr\/index.php\/wp-json\/wp\/v2\/product_tag?post=1175"}],"curies":[{"name":"wp","href":"https:\/\/api.w.org\/{rel}","templated":true}]}}