{"id":1156,"date":"2022-08-10T14:43:38","date_gmt":"2022-08-10T11:43:38","guid":{"rendered":"http:\/\/terateknoloji.com.tr\/?post_type=product&#038;p=1156"},"modified":"2022-08-23T23:48:48","modified_gmt":"2022-08-23T20:48:48","slug":"zebra-li2208","status":"publish","type":"product","link":"https:\/\/terateknoloji.com.tr\/index.php\/product\/zebra-li2208\/","title":{"rendered":"Zebra LI2208"},"content":{"rendered":"<p>[vc_row][vc_column][vc_column_text css=&#8221;.vc_custom_1660131937205{margin-bottom: 1% !important;}&#8221;]<\/p>\n<h4 class=\"content-callout\">KABLOLU DO\u011eRUSAL G\u00d6R\u00dcNT\u00dcLEY\u0130C\u0130<\/h4>\n<p>Perakende Sat\u0131\u015f Noktas\u0131ndan g\u00f6nderim\/al\u0131m ve otel giri\u015flerine kadar, LI2208 personelinizin i\u015finizin ihtiya\u00e7lar\u0131na daha iyi yan\u0131t vermesini m\u00fcmk\u00fcn k\u0131lar.[\/vc_column_text][ld_spacer][ld_tabs style=&#8221;style09&#8243;][ld_tab_section title=&#8221;\u00d6zellikler&#8221; tab_id=&#8221;lqd-1653376168701-49002ac4-c98b&#8221;][ld_fancy_heading tag=&#8221;p&#8221;]BOYUTLAR<br \/>\n6.30 in. Y x 2.64 in. G x 3.90 in. U 16 cm Y x 6.7 cm G x 9.9 cm U<\/p>\n<p>A\u011eIRLIK<br \/>\n4.95 oz. (140 g)<\/p>\n<p>RENK<br \/>\nAlacakaranl\u0131k Siyah\u0131; Nova Beyaz\u0131<\/p>\n<p>MUHAFAZA<br \/>\nIP42<\/p>\n<p>D\u00dc\u015eME DAYANIKLILIK TOLERANSI<br \/>\nOda s\u0131cakl\u0131\u011f\u0131nda 5 ft.\/1.5 m\u2019den 100\u2019\u00fcn \u00fczerinde d\u00fc\u015f\u00fc\u015f; beton \u00fczerine 6 ft.\/1.8 m\u2019den ger\u00e7ekle\u015ftirilen d\u00fc\u015f\u00fc\u015flerde normal \u00e7al\u0131\u015fmaya devam.[\/ld_fancy_heading][\/ld_tab_section][ld_tab_section title=&#8221;Sekt\u00f6rler&#8221; tab_id=&#8221;lqd-1653376168718-58aed1ab-67ee&#8221;][vc_column_text]<\/p>\n<ul>\n<li>Perakende<\/li>\n<li>Konaklama ve A\u011f\u0131rlama<\/li>\n<\/ul>\n<p>[\/vc_column_text][\/ld_tab_section][ld_tab_section title=&#8221;Kullan\u0131m Alanlar\u0131&#8221; tab_id=&#8221;lqd-1653376209483-3275f1cb-e370&#8243;][vc_column_text]<\/p>\n<ul>\n<li>Ka\u011f\u0131t ve Mobil Barkodlar<\/li>\n<li>Sat\u0131\u015f Noktas\u0131<\/li>\n<li>Etkinlik Kay\u0131tlar\u0131<\/li>\n<li>\u00dcretim Hatt\u0131<\/li>\n<\/ul>\n<p>[\/vc_column_text][\/ld_tab_section][\/ld_tabs][\/vc_column][\/vc_row]<\/p>\n","protected":false},"excerpt":{"rendered":"<p>[vc_row][vc_column][vc_column_text css=&#8221;.vc_custom_1660131937205{margin-bottom: 1% !important;}&#8221;] KABLOLU DO\u011eRUSAL G\u00d6R\u00dcNT\u00dcLEY\u0130C\u0130 Perakende Sat\u0131\u015f Noktas\u0131ndan g\u00f6nderim\/al\u0131m ve otel giri\u015flerine kadar, LI2208 personelinizin i\u015finizin ihtiya\u00e7lar\u0131na daha iyi yan\u0131t vermesini m\u00fcmk\u00fcn k\u0131lar.[\/vc_column_text][ld_spacer][ld_tabs style=&#8221;style09&#8243;][ld_tab_section title=&#8221;\u00d6zellikler&#8221; tab_id=&#8221;lqd-1653376168701-49002ac4-c98b&#8221;][ld_fancy_heading tag=&#8221;p&#8221;]BOYUTLAR 6.30 in. Y x 2.64 in. G x 3.90 in. U 16 cm Y x 6.7 cm G x 9.9 cm U A\u011eIRLIK 4.95 oz. (140 [&hellip;]<\/p>\n","protected":false},"featured_media":1163,"comment_status":"closed","ping_status":"closed","template":"","meta":{"_joinchat":[]},"product_brand":[],"product_cat":[49,51],"product_tag":[],"class_list":{"0":"post-1156","1":"product","2":"type-product","3":"status-publish","4":"has-post-thumbnail","6":"product_cat-barkod-okuyucular","7":"product_cat-el-tipi-barkod-okuyucular","9":"first","10":"instock","11":"taxable","12":"shipping-taxable","13":"product-type-simple"},"_links":{"self":[{"href":"https:\/\/terateknoloji.com.tr\/index.php\/wp-json\/wp\/v2\/product\/1156","targetHints":{"allow":["GET"]}}],"collection":[{"href":"https:\/\/terateknoloji.com.tr\/index.php\/wp-json\/wp\/v2\/product"}],"about":[{"href":"https:\/\/terateknoloji.com.tr\/index.php\/wp-json\/wp\/v2\/types\/product"}],"replies":[{"embeddable":true,"href":"https:\/\/terateknoloji.com.tr\/index.php\/wp-json\/wp\/v2\/comments?post=1156"}],"wp:featuredmedia":[{"embeddable":true,"href":"https:\/\/terateknoloji.com.tr\/index.php\/wp-json\/wp\/v2\/media\/1163"}],"wp:attachment":[{"href":"https:\/\/terateknoloji.com.tr\/index.php\/wp-json\/wp\/v2\/media?parent=1156"}],"wp:term":[{"taxonomy":"product_brand","embeddable":true,"href":"https:\/\/terateknoloji.com.tr\/index.php\/wp-json\/wp\/v2\/product_brand?post=1156"},{"taxonomy":"product_cat","embeddable":true,"href":"https:\/\/terateknoloji.com.tr\/index.php\/wp-json\/wp\/v2\/product_cat?post=1156"},{"taxonomy":"product_tag","embeddable":true,"href":"https:\/\/terateknoloji.com.tr\/index.php\/wp-json\/wp\/v2\/product_tag?post=1156"}],"curies":[{"name":"wp","href":"https:\/\/api.w.org\/{rel}","templated":true}]}}