{"id":1110,"date":"2022-08-10T14:10:39","date_gmt":"2022-08-10T11:10:39","guid":{"rendered":"http:\/\/terateknoloji.com.tr\/?post_type=product&#038;p=1110"},"modified":"2022-08-23T23:53:21","modified_gmt":"2022-08-23T20:53:21","slug":"zebra-ds457","status":"publish","type":"product","link":"https:\/\/terateknoloji.com.tr\/index.php\/product\/zebra-ds457\/","title":{"rendered":"Zebra DS457"},"content":{"rendered":"<p>[vc_row][vc_column][vc_column_text css=&#8221;.vc_custom_1660130054007{margin-bottom: 1% !important;}&#8221;]<\/p>\n<h4 class=\"content-callout\">ZAR\u0130F VE ESNEK<\/h4>\n<p>Zebra DS457 ile, perakende Sat\u0131\u015f Noktas\u0131 ve havaliman\u0131 bini\u015f kap\u0131s\u0131ndan \u00fcretim band\u0131na kadar, y\u00fcksek hacimli eller serbest okutma \u00f6zelli\u011fini m\u00fcmk\u00fcn k\u0131l\u0131n.<\/p>\n<p><u>Modeller<\/u><br \/>\nDS457SR: 1 ve 2 boyutlu barkodlar<br \/>\nDS457HD: Y\u00fcksek yo\u011funluklu kodlar dahil 1 ve 2 boyutlu barkodlar<br \/>\nDS457DL: 1 ve 2 boyutlu barkodlar\u0131n yan\u0131 s\u0131ra, s\u00fcr\u00fcc\u00fc belgelerinde ve di\u011fer kimlik belgelerinde bulunan kodlar\u0131n analizi<br \/>\nDS457DP: 1 boyutlu ve 2 boyutlu barkodlar art\u0131 do\u011frudan par\u00e7a i\u015faretleri[\/vc_column_text][ld_spacer][ld_tabs style=&#8221;style09&#8243;][ld_tab_section title=&#8221;\u00d6zellikler&#8221; tab_id=&#8221;lqd-1653376168701-49002ac4-c98b&#8221;][ld_fancy_heading tag=&#8221;p&#8221;]BOYUTLAR<br \/>\n1,15 in\u00e7 Y x 2,3 in\u00e7 U x 2,44 in\u00e7 G<br \/>\n2,92 cm Y x 5,84 cm U x 6,2 cm G<\/p>\n<p>A\u011eIRLIK<br \/>\n3,9 oz.\/111 g<\/p>\n<p>RENK<br \/>\nSiyah<\/p>\n<p>MUHAFAZA<br \/>\nIP54<\/p>\n<p>D\u00dc\u015eME DAYANIKLILIK TOLERANSI<br \/>\n30 in\u00e7\/176 cm\u2019den defalarca beton zemine d\u00fc\u015fmeye kar\u015f\u0131 dayan\u0131kl\u0131d\u0131r<\/p>\n<p>DE\u015e\u0130FRE \u00d6ZELL\u0130\u011e\u0130<br \/>\n1 boyutlu, 2 boyutlu ve do\u011frudan par\u00e7a markalar\u0131<\/p>\n<p>BARKOD OKUMA TEKNOLOJ\u0130S\u0130<br \/>\nDizi G\u00f6r\u00fcnt\u00fcleyici [\/ld_fancy_heading][\/ld_tab_section][ld_tab_section title=&#8221;Sekt\u00f6rler&#8221; tab_id=&#8221;lqd-1653376168718-58aed1ab-67ee&#8221;][vc_column_text]<\/p>\n<ul>\n<li>Ta\u015f\u0131mac\u0131l\u0131k<\/li>\n<li>Perakende<\/li>\n<li>\u0130malat<\/li>\n<\/ul>\n<p>[\/vc_column_text][\/ld_tab_section][ld_tab_section title=&#8221;Kullan\u0131m Alanlar\u0131&#8221; tab_id=&#8221;lqd-1653376209483-3275f1cb-e370&#8243;][vc_column_text]<\/p>\n<ul>\n<li>Do\u011frudan Par\u00e7a Markalar\u0131<\/li>\n<li>Biletler ve Bini\u015f Kartlar\u0131<\/li>\n<li>M\u00fc\u015fteri Kartlar\u0131<\/li>\n<li>Mobil Barkodlar<\/li>\n<\/ul>\n<p>[\/vc_column_text][\/ld_tab_section][\/ld_tabs][\/vc_column][\/vc_row]<\/p>\n","protected":false},"excerpt":{"rendered":"<p>[vc_row][vc_column][vc_column_text css=&#8221;.vc_custom_1660130054007{margin-bottom: 1% !important;}&#8221;] ZAR\u0130F VE ESNEK Zebra DS457 ile, perakende Sat\u0131\u015f Noktas\u0131 ve havaliman\u0131 bini\u015f kap\u0131s\u0131ndan \u00fcretim band\u0131na kadar, y\u00fcksek hacimli eller serbest okutma \u00f6zelli\u011fini m\u00fcmk\u00fcn k\u0131l\u0131n. Modeller DS457SR: 1 ve 2 boyutlu barkodlar DS457HD: Y\u00fcksek yo\u011funluklu kodlar dahil 1 ve 2 boyutlu barkodlar DS457DL: 1 ve 2 boyutlu barkodlar\u0131n yan\u0131 s\u0131ra, s\u00fcr\u00fcc\u00fc belgelerinde [&hellip;]<\/p>\n","protected":false},"featured_media":1116,"comment_status":"closed","ping_status":"closed","template":"","meta":{"_joinchat":[]},"product_brand":[],"product_cat":[49,50],"product_tag":[],"class_list":{"0":"post-1110","1":"product","2":"type-product","3":"status-publish","4":"has-post-thumbnail","6":"product_cat-barkod-okuyucular","7":"product_cat-eller-serbest-ve-bankoustu-barkod-okuyucular","9":"first","10":"instock","11":"taxable","12":"shipping-taxable","13":"product-type-simple"},"_links":{"self":[{"href":"https:\/\/terateknoloji.com.tr\/index.php\/wp-json\/wp\/v2\/product\/1110","targetHints":{"allow":["GET"]}}],"collection":[{"href":"https:\/\/terateknoloji.com.tr\/index.php\/wp-json\/wp\/v2\/product"}],"about":[{"href":"https:\/\/terateknoloji.com.tr\/index.php\/wp-json\/wp\/v2\/types\/product"}],"replies":[{"embeddable":true,"href":"https:\/\/terateknoloji.com.tr\/index.php\/wp-json\/wp\/v2\/comments?post=1110"}],"wp:featuredmedia":[{"embeddable":true,"href":"https:\/\/terateknoloji.com.tr\/index.php\/wp-json\/wp\/v2\/media\/1116"}],"wp:attachment":[{"href":"https:\/\/terateknoloji.com.tr\/index.php\/wp-json\/wp\/v2\/media?parent=1110"}],"wp:term":[{"taxonomy":"product_brand","embeddable":true,"href":"https:\/\/terateknoloji.com.tr\/index.php\/wp-json\/wp\/v2\/product_brand?post=1110"},{"taxonomy":"product_cat","embeddable":true,"href":"https:\/\/terateknoloji.com.tr\/index.php\/wp-json\/wp\/v2\/product_cat?post=1110"},{"taxonomy":"product_tag","embeddable":true,"href":"https:\/\/terateknoloji.com.tr\/index.php\/wp-json\/wp\/v2\/product_tag?post=1110"}],"curies":[{"name":"wp","href":"https:\/\/api.w.org\/{rel}","templated":true}]}}