{"id":1062,"date":"2022-08-10T12:24:35","date_gmt":"2022-08-10T09:24:35","guid":{"rendered":"http:\/\/terateknoloji.com.tr\/?post_type=product&#038;p=1062"},"modified":"2022-08-15T13:46:36","modified_gmt":"2022-08-15T10:46:36","slug":"zt220-endustriyel-yazici","status":"publish","type":"product","link":"https:\/\/terateknoloji.com.tr\/index.php\/product\/zt220-endustriyel-yazici\/","title":{"rendered":"ZT220 End\u00fcstriyel Yaz\u0131c\u0131"},"content":{"rendered":"<p>[vc_row][vc_column][vc_column_text css=&#8221;.vc_custom_1660123714074{margin-bottom: 1% !important;}&#8221;]Zebra&#8217;n\u0131n en ekonomik end\u00fcstriyel yaz\u0131c\u0131s\u0131 darbelere dayan\u0131kl\u0131 polimer kasa ile daha basit uygulamalar i\u00e7in basit tek kullan\u0131ml\u0131 \u00fc\u00e7 d\u00fc\u011fmeli aray\u00fcz sunar.[\/vc_column_text][ld_spacer][ld_tabs style=&#8221;style09&#8243;][ld_tab_section title=&#8221;\u00d6zellikler&#8221; tab_id=&#8221;lqd-1653376168701-49002ac4-c98b&#8221;][ld_fancy_heading tag=&#8221;p&#8221;]BASKI GEN\u0130\u015eL\u0130\u011e\u0130<br \/>\n4.09\u201d\/104 mm<\/p>\n<p>BASKI \u00c7\u00d6Z\u00dcN\u00dcRL\u00dc\u011e\u00dc<br \/>\n203 dpi\/8 nokta\/mm<br \/>\n300dpi\/12 nokta\/mm (opsiyonel)<\/p>\n<p>MAKS\u0130MUM BASKI HIZI<br \/>\n6\u201d\/152 mm\/saniye<\/p>\n<p>\u0130N\u015eAAT<br \/>\nPlastik k\u0131l\u0131fl\u0131 metal \u00e7er\u00e7eve<\/p>\n<p>\u0130LET\u0130\u015e\u0130M Y\u00d6NTEMLER\u0130<br \/>\nParalel, 10\/100 Ethernet, 802.11a\/b\/g\/n kablosuz[\/ld_fancy_heading][\/ld_tab_section][ld_tab_section title=&#8221;Sekt\u00f6rler&#8221; tab_id=&#8221;lqd-1653376168718-58aed1ab-67ee&#8221;][vc_column_text]<\/p>\n<ul>\n<li>Sa\u011fl\u0131k sekt\u00f6r\u00fc<\/li>\n<li>Ta\u015f\u0131mac\u0131l\u0131k<\/li>\n<li>Perakende<\/li>\n<li>\u0130malat<\/li>\n<\/ul>\n<p>[\/vc_column_text][\/ld_tab_section][ld_tab_section title=&#8221;Kullan\u0131m Alanlar\u0131&#8221; tab_id=&#8221;lqd-1653376209483-3275f1cb-e370&#8243;][vc_column_text]<\/p>\n<ul>\n<li>Varl\u0131k Y\u00f6netimi<\/li>\n<li>\u00c7apraz Y\u00fckleme<\/li>\n<li>Envanter Y\u00f6netimi<\/li>\n<li>Laboratuvar Numune Takibi<\/li>\n<li>Al\u0131m ve G\u00f6nderim<\/li>\n<li>Geri Lojistik<\/li>\n<li>S\u00fcrekli Takip<\/li>\n<li>Uygunluk Etiketi<\/li>\n<li>Bilgilendirme Etiketleri<\/li>\n<li>T\u0131bbi Kay\u0131t Etiketleri<\/li>\n<li>Sipari\u015f Etiketleme<\/li>\n<li>Re\u00e7ete Etiketleri<\/li>\n<li>Kalite Kontrol\u00fc<\/li>\n<\/ul>\n<p>[\/vc_column_text][\/ld_tab_section][\/ld_tabs][\/vc_column][\/vc_row]<\/p>\n","protected":false},"excerpt":{"rendered":"<p>[vc_row][vc_column][vc_column_text css=&#8221;.vc_custom_1660123714074{margin-bottom: 1% !important;}&#8221;]Zebra&#8217;n\u0131n en ekonomik end\u00fcstriyel yaz\u0131c\u0131s\u0131 darbelere dayan\u0131kl\u0131 polimer kasa ile daha basit uygulamalar i\u00e7in basit tek kullan\u0131ml\u0131 \u00fc\u00e7 d\u00fc\u011fmeli aray\u00fcz sunar.[\/vc_column_text][ld_spacer][ld_tabs style=&#8221;style09&#8243;][ld_tab_section title=&#8221;\u00d6zellikler&#8221; tab_id=&#8221;lqd-1653376168701-49002ac4-c98b&#8221;][ld_fancy_heading tag=&#8221;p&#8221;]BASKI GEN\u0130\u015eL\u0130\u011e\u0130 4.09\u201d\/104 mm BASKI \u00c7\u00d6Z\u00dcN\u00dcRL\u00dc\u011e\u00dc 203 dpi\/8 nokta\/mm 300dpi\/12 nokta\/mm (opsiyonel) MAKS\u0130MUM BASKI HIZI 6\u201d\/152 mm\/saniye \u0130N\u015eAAT Plastik k\u0131l\u0131fl\u0131 metal \u00e7er\u00e7eve \u0130LET\u0130\u015e\u0130M Y\u00d6NTEMLER\u0130 Paralel, 10\/100 Ethernet, 802.11a\/b\/g\/n [&hellip;]<\/p>\n","protected":false},"featured_media":1063,"comment_status":"closed","ping_status":"closed","template":"","meta":{"_joinchat":[]},"product_brand":[],"product_cat":[47,43],"product_tag":[],"class_list":{"0":"post-1062","1":"product","2":"type-product","3":"status-publish","4":"has-post-thumbnail","6":"product_cat-endustriyel-yazicilar","7":"product_cat-yazicilar","9":"first","10":"instock","11":"taxable","12":"shipping-taxable","13":"product-type-simple"},"_links":{"self":[{"href":"https:\/\/terateknoloji.com.tr\/index.php\/wp-json\/wp\/v2\/product\/1062","targetHints":{"allow":["GET"]}}],"collection":[{"href":"https:\/\/terateknoloji.com.tr\/index.php\/wp-json\/wp\/v2\/product"}],"about":[{"href":"https:\/\/terateknoloji.com.tr\/index.php\/wp-json\/wp\/v2\/types\/product"}],"replies":[{"embeddable":true,"href":"https:\/\/terateknoloji.com.tr\/index.php\/wp-json\/wp\/v2\/comments?post=1062"}],"wp:featuredmedia":[{"embeddable":true,"href":"https:\/\/terateknoloji.com.tr\/index.php\/wp-json\/wp\/v2\/media\/1063"}],"wp:attachment":[{"href":"https:\/\/terateknoloji.com.tr\/index.php\/wp-json\/wp\/v2\/media?parent=1062"}],"wp:term":[{"taxonomy":"product_brand","embeddable":true,"href":"https:\/\/terateknoloji.com.tr\/index.php\/wp-json\/wp\/v2\/product_brand?post=1062"},{"taxonomy":"product_cat","embeddable":true,"href":"https:\/\/terateknoloji.com.tr\/index.php\/wp-json\/wp\/v2\/product_cat?post=1062"},{"taxonomy":"product_tag","embeddable":true,"href":"https:\/\/terateknoloji.com.tr\/index.php\/wp-json\/wp\/v2\/product_tag?post=1062"}],"curies":[{"name":"wp","href":"https:\/\/api.w.org\/{rel}","templated":true}]}}