{"id":1052,"date":"2022-08-10T12:05:02","date_gmt":"2022-08-10T09:05:02","guid":{"rendered":"http:\/\/terateknoloji.com.tr\/?post_type=product&#038;p=1052"},"modified":"2022-08-15T15:40:17","modified_gmt":"2022-08-15T12:40:17","slug":"zt411-rfid-endustriyel-yazici","status":"publish","type":"product","link":"https:\/\/terateknoloji.com.tr\/index.php\/product\/zt411-rfid-endustriyel-yazici\/","title":{"rendered":"ZT411 RFID End\u00fcstriyel Yaz\u0131c\u0131"},"content":{"rendered":"<p>[vc_row][vc_column][vc_column_text css=&#8221;.vc_custom_1660122555932{margin-bottom: 1% !important;}&#8221;]ZT411 RFID yaz\u0131c\u0131\/kodlay\u0131c\u0131, durumu bir bak\u0131\u015fta g\u00f6rmek i\u00e7in 4,3 in\u00e7lik tam renkli bir dokunmatik ekrana sahiptir. 4 in\u00e7\u2019lik bir geni\u015flikte ve saniyede 14 in\u00e7\u2019lik bir h\u0131zda yazd\u0131rma yapma \u00f6zelli\u011fi sayesinde, ayn\u0131 zamanda y\u00fcksek \u00e7\u00f6z\u00fcn\u00fcrl\u00fckl\u00fc (600 dpi) yazd\u0131rma ve m\u00fckemmel medya esnekli\u011fi ve basit RFID kalibrasyonu i\u00e7in uyarlan\u0131r kodlama teknolojisi sunar. Metal konteyner ve varl\u0131klar i\u00e7in daha kal\u0131n RFID etiketler yazd\u0131rma ve kodlaman\u0131n tek ve belirlenmi\u015f se\u00e7ene\u011fi olan Zebra\u2019n\u0131n \u00f6zel metal \u00fczeri etiketleme \u00e7\u00f6z\u00fcm\u00fcn\u00fc* ekleyin.<\/p>\n<p>*600 dpi modeli ile sunulamaz[\/vc_column_text][ld_spacer][ld_tabs style=&#8221;style09&#8243;][ld_tab_section title=&#8221;\u00d6zellikler&#8221; tab_id=&#8221;lqd-1653376168701-49002ac4-c98b&#8221;][ld_fancy_heading tag=&#8221;p&#8221;]BASKI GEN\u0130\u015eL\u0130\u011e\u0130<br \/>\n4,09 in.\/104 mm<\/p>\n<p>BASKI \u00c7\u00d6Z\u00dcN\u00dcRL\u00dc\u011e\u00dc<br \/>\n203 dpi\/8 nokta\/mm<br \/>\n300dpi\/12 nokta\/mm (opsiyonel)<br \/>\n600 dpi\/24 nokta\/mm<\/p>\n<p>MAKS\u0130MUM BASKI HIZI<br \/>\n14 ips\/356 mm\/saniye<\/p>\n<p>MEDYA SENS\u00d6RLER\u0130<br \/>\nAyarlanabilir ikili medya sens\u00f6rleri: ge\u00e7irgen ve yans\u0131t\u0131c\u0131<\/p>\n<p>\u0130LET\u0130\u015e\u0130M Y\u00d6NTEMLER\u0130<br \/>\nUSB 2.0, y\u00fcksek h\u0131zl\u0131, RS-232 Seri, 10\/100 Ethernet, Bluetooth 4.1, ikili USB Sunucu<br \/>\nOpsiyonel:<br \/>\nParallel (\u00c7ift y\u00f6nl\u00fc aray\u00fcz)<br \/>\n802.11ac\/Bluetooth 4.1, 10\/100 Ethernet, Aplikat\u00f6r Aray\u00fcz\u00fcne sahip kablosuz ikili radyo[\/ld_fancy_heading][\/ld_tab_section][ld_tab_section title=&#8221;Sekt\u00f6rler&#8221; tab_id=&#8221;lqd-1653376168718-58aed1ab-67ee&#8221;][vc_column_text]<\/p>\n<ul>\n<li>Sa\u011fl\u0131k sekt\u00f6r\u00fc<\/li>\n<li>Ta\u015f\u0131mac\u0131l\u0131k<\/li>\n<li>Perakende<\/li>\n<li>\u0130malat<\/li>\n<\/ul>\n<p>[\/vc_column_text][\/ld_tab_section][ld_tab_section title=&#8221;Kullan\u0131m Alanlar\u0131&#8221; tab_id=&#8221;lqd-1653376209483-3275f1cb-e370&#8243;][vc_column_text]<\/p>\n<ul>\n<li>Da\u011f\u0131t\u0131m<\/li>\n<li>G\u00f6nderim ve Al\u0131m<\/li>\n<li>Yar\u0131 Mamul \u00dcr\u00fcn Takibi<\/li>\n<li>Belge ve Hasta Kay\u0131t Y\u00f6netimi<\/li>\n<li>Ma\u011faza Arkas\u0131 Operasyonlar<\/li>\n<li>Uygunluk Etiketi<\/li>\n<li>\u00dcr\u00fcn Ad\u0131\/Seri Numaralar\u0131<\/li>\n<li>G\u00fcvenlikli Etiketler<\/li>\n<li>Numune\/Laboratuvar\/Eczane Etiketleri<\/li>\n<li>\u00c7apraz Y\u00fckleme<\/li>\n<\/ul>\n<p>[\/vc_column_text][\/ld_tab_section][\/ld_tabs][\/vc_column][\/vc_row]<\/p>\n","protected":false},"excerpt":{"rendered":"<p>[vc_row][vc_column][vc_column_text css=&#8221;.vc_custom_1660122555932{margin-bottom: 1% !important;}&#8221;]ZT411 RFID yaz\u0131c\u0131\/kodlay\u0131c\u0131, durumu bir bak\u0131\u015fta g\u00f6rmek i\u00e7in 4,3 in\u00e7lik tam renkli bir dokunmatik ekrana sahiptir. 4 in\u00e7\u2019lik bir geni\u015flikte ve saniyede 14 in\u00e7\u2019lik bir h\u0131zda yazd\u0131rma yapma \u00f6zelli\u011fi sayesinde, ayn\u0131 zamanda y\u00fcksek \u00e7\u00f6z\u00fcn\u00fcrl\u00fckl\u00fc (600 dpi) yazd\u0131rma ve m\u00fckemmel medya esnekli\u011fi ve basit RFID kalibrasyonu i\u00e7in uyarlan\u0131r kodlama teknolojisi sunar. Metal konteyner [&hellip;]<\/p>\n","protected":false},"featured_media":1053,"comment_status":"closed","ping_status":"closed","template":"","meta":{"_joinchat":[]},"product_brand":[],"product_cat":[55,58],"product_tag":[],"class_list":{"0":"post-1052","1":"product","2":"type-product","3":"status-publish","4":"has-post-thumbnail","6":"product_cat-rfid","7":"product_cat-rfid-yazicilar","9":"first","10":"instock","11":"taxable","12":"shipping-taxable","13":"product-type-simple"},"_links":{"self":[{"href":"https:\/\/terateknoloji.com.tr\/index.php\/wp-json\/wp\/v2\/product\/1052","targetHints":{"allow":["GET"]}}],"collection":[{"href":"https:\/\/terateknoloji.com.tr\/index.php\/wp-json\/wp\/v2\/product"}],"about":[{"href":"https:\/\/terateknoloji.com.tr\/index.php\/wp-json\/wp\/v2\/types\/product"}],"replies":[{"embeddable":true,"href":"https:\/\/terateknoloji.com.tr\/index.php\/wp-json\/wp\/v2\/comments?post=1052"}],"wp:featuredmedia":[{"embeddable":true,"href":"https:\/\/terateknoloji.com.tr\/index.php\/wp-json\/wp\/v2\/media\/1053"}],"wp:attachment":[{"href":"https:\/\/terateknoloji.com.tr\/index.php\/wp-json\/wp\/v2\/media?parent=1052"}],"wp:term":[{"taxonomy":"product_brand","embeddable":true,"href":"https:\/\/terateknoloji.com.tr\/index.php\/wp-json\/wp\/v2\/product_brand?post=1052"},{"taxonomy":"product_cat","embeddable":true,"href":"https:\/\/terateknoloji.com.tr\/index.php\/wp-json\/wp\/v2\/product_cat?post=1052"},{"taxonomy":"product_tag","embeddable":true,"href":"https:\/\/terateknoloji.com.tr\/index.php\/wp-json\/wp\/v2\/product_tag?post=1052"}],"curies":[{"name":"wp","href":"https:\/\/api.w.org\/{rel}","templated":true}]}}