{"id":1020,"date":"2022-08-10T11:16:26","date_gmt":"2022-08-10T08:16:26","guid":{"rendered":"http:\/\/terateknoloji.com.tr\/?post_type=product&#038;p=1020"},"modified":"2022-08-15T14:00:23","modified_gmt":"2022-08-15T11:00:23","slug":"zq310-mobil-yazici","status":"publish","type":"product","link":"https:\/\/terateknoloji.com.tr\/index.php\/product\/zq310-mobil-yazici\/","title":{"rendered":"ZQ310 Mobil Yaz\u0131c\u0131"},"content":{"rendered":"<p>[vc_row][vc_column][vc_column_text css=&#8221;.vc_custom_1660119448817{margin-bottom: 1% !important;}&#8221;]<\/p>\n<h4 class=\"content-callout\">MOB\u0130L ET\u0130KET VE F\u0130\u015e \u0130\u00c7\u0130N 2 \u0130N\u00c7L\u0130K YAZICI<\/h4>\n<p>Perakende sat\u0131\u015f ma\u011fazan\u0131zdaki mobil bask\u0131 \u00f6zelliklerinin m\u00fc\u015fteri hizmetleri kalitesi ve personel verimlili\u011fi \u00fczerinde do\u011frudan etkisi vard\u0131r. Saha \u00e7al\u0131\u015fanlar\u0131n\u0131z taraf\u0131ndan fatura yazmakla ge\u00e7irilen s\u00fcre, daha fazla m\u00fc\u015fteriyi ziyaret etmeye harcanabilir. Hem i\u00e7 hem de d\u0131\u015f mekanlar i\u00e7in olan modellerde sunulan bu k\u00fc\u00e7\u00fck, kablosuz mobil yaz\u0131c\u0131, \u00e7al\u0131\u015fanlar\u0131n her yerden fatura yazabilmesine olanak tan\u0131yarak m\u00fc\u015fteri deneyimini geli\u015ftirir, gelir oran\u0131n\u0131 art\u0131r\u0131r. ZQ310 ayn\u0131 zamanda \u00e7al\u0131\u015fanlar\u0131n fiyat y\u00fckseli\u015fleri, fiyat indirimleri ve raf etiketlerini denetleme i\u015flemlerini daha h\u0131zl\u0131 ger\u00e7ekle\u015ftirmesini sa\u011flayarak masrafl\u0131 fiyatland\u0131rma hatalar\u0131n\u0131n \u00f6n\u00fcne ge\u00e7en her yerden etiket yazd\u0131rma \u00f6zelli\u011fi sunar.[\/vc_column_text][ld_spacer][ld_tabs style=&#8221;style09&#8243;][ld_tab_section title=&#8221;\u00d6zellikler&#8221; tab_id=&#8221;lqd-1653376168701-49002ac4-c98b&#8221;][ld_fancy_heading tag=&#8221;p&#8221;]BASKI GEN\u0130\u015eL\u0130\u011e\u0130<br \/>\n1,89 in\u00e7\/48 mm<\/p>\n<p>MAKS\u0130MUM BASKI HIZI<br \/>\n4 ips\u2019e kadar (100 mm\/saniye)<\/p>\n<p>DAYANIKLILIK<br \/>\nIP Derecesi: IP54<\/p>\n<p>MEDYA RULOSU DI\u015e \u00c7API<br \/>\n1,57 in\u00e7\/40 mm<\/p>\n<p>A\u011eIRLIK<br \/>\n0,81 lb\/0,37 kg<\/p>\n<p>P\u0130L KAPAS\u0130TES\u0130<br \/>\nLi-\u0130yon 2280 mAh, 7.2V, PowerPrecision+[\/ld_fancy_heading][\/ld_tab_section][ld_tab_section title=&#8221;Sekt\u00f6rler&#8221; tab_id=&#8221;lqd-1653376168718-58aed1ab-67ee&#8221;][vc_column_text]<\/p>\n<ul>\n<li>Perakende<\/li>\n<li>Ta\u015f\u0131mac\u0131l\u0131k<\/li>\n<li>\u0130malat Konaklama ve A\u011f\u0131rlama<\/li>\n<\/ul>\n<p>[\/vc_column_text][\/ld_tab_section][ld_tab_section title=&#8221;Kullan\u0131m Alanlar\u0131&#8221; tab_id=&#8221;lqd-1653376209483-3275f1cb-e370&#8243;][vc_column_text]<\/p>\n<ul>\n<li>Al\u0131m ve Teslim Belgesi<\/li>\n<li>Faturalar<\/li>\n<li>Fi\u015fler<\/li>\n<li>Mobil sat\u0131\u015f noktas\u0131<\/li>\n<li>Raf Etiketleme<\/li>\n<li>Fiyat \u0130ndirimleri\/Art\u0131\u015flar\u0131<\/li>\n<li>Park \u0130hlalleri<\/li>\n<li>Envanter Listeleri<\/li>\n<\/ul>\n<p>[\/vc_column_text][\/ld_tab_section][\/ld_tabs][\/vc_column][\/vc_row]<\/p>\n","protected":false},"excerpt":{"rendered":"<p>[vc_row][vc_column][vc_column_text css=&#8221;.vc_custom_1660119448817{margin-bottom: 1% !important;}&#8221;] MOB\u0130L ET\u0130KET VE F\u0130\u015e \u0130\u00c7\u0130N 2 \u0130N\u00c7L\u0130K YAZICI Perakende sat\u0131\u015f ma\u011fazan\u0131zdaki mobil bask\u0131 \u00f6zelliklerinin m\u00fc\u015fteri hizmetleri kalitesi ve personel verimlili\u011fi \u00fczerinde do\u011frudan etkisi vard\u0131r. Saha \u00e7al\u0131\u015fanlar\u0131n\u0131z taraf\u0131ndan fatura yazmakla ge\u00e7irilen s\u00fcre, daha fazla m\u00fc\u015fteriyi ziyaret etmeye harcanabilir. Hem i\u00e7 hem de d\u0131\u015f mekanlar i\u00e7in olan modellerde sunulan bu k\u00fc\u00e7\u00fck, kablosuz mobil [&hellip;]<\/p>\n","protected":false},"featured_media":1022,"comment_status":"closed","ping_status":"closed","template":"","meta":{"_joinchat":[]},"product_brand":[],"product_cat":[46,43],"product_tag":[],"class_list":{"0":"post-1020","1":"product","2":"type-product","3":"status-publish","4":"has-post-thumbnail","6":"product_cat-mobil-yazicilar","7":"product_cat-yazicilar","9":"first","10":"instock","11":"taxable","12":"shipping-taxable","13":"product-type-simple"},"_links":{"self":[{"href":"https:\/\/terateknoloji.com.tr\/index.php\/wp-json\/wp\/v2\/product\/1020","targetHints":{"allow":["GET"]}}],"collection":[{"href":"https:\/\/terateknoloji.com.tr\/index.php\/wp-json\/wp\/v2\/product"}],"about":[{"href":"https:\/\/terateknoloji.com.tr\/index.php\/wp-json\/wp\/v2\/types\/product"}],"replies":[{"embeddable":true,"href":"https:\/\/terateknoloji.com.tr\/index.php\/wp-json\/wp\/v2\/comments?post=1020"}],"wp:featuredmedia":[{"embeddable":true,"href":"https:\/\/terateknoloji.com.tr\/index.php\/wp-json\/wp\/v2\/media\/1022"}],"wp:attachment":[{"href":"https:\/\/terateknoloji.com.tr\/index.php\/wp-json\/wp\/v2\/media?parent=1020"}],"wp:term":[{"taxonomy":"product_brand","embeddable":true,"href":"https:\/\/terateknoloji.com.tr\/index.php\/wp-json\/wp\/v2\/product_brand?post=1020"},{"taxonomy":"product_cat","embeddable":true,"href":"https:\/\/terateknoloji.com.tr\/index.php\/wp-json\/wp\/v2\/product_cat?post=1020"},{"taxonomy":"product_tag","embeddable":true,"href":"https:\/\/terateknoloji.com.tr\/index.php\/wp-json\/wp\/v2\/product_tag?post=1020"}],"curies":[{"name":"wp","href":"https:\/\/api.w.org\/{rel}","templated":true}]}}