{"id":1004,"date":"2022-08-10T10:58:09","date_gmt":"2022-08-10T07:58:09","guid":{"rendered":"http:\/\/terateknoloji.com.tr\/?post_type=product&#038;p=1004"},"modified":"2022-08-15T14:58:54","modified_gmt":"2022-08-15T11:58:54","slug":"zq511-mobil-yazici","status":"publish","type":"product","link":"https:\/\/terateknoloji.com.tr\/index.php\/product\/zq511-mobil-yazici\/","title":{"rendered":"ZQ511 Mobil Yaz\u0131c\u0131"},"content":{"rendered":"<p>[vc_row][vc_column][vc_column_text css=&#8221;.vc_custom_1660118468970{margin-bottom: 1% !important;}&#8221;]<\/p>\n<h4 class=\"content-callout\">MEVCUT EN DAYANIKLI, PREM\u0130UM 3 \u0130N\u00c7. BASKI GEN\u0130\u015eL\u0130\u011e\u0130 MOB\u0130L YAZICI KULLANILAB\u0130L\u0130R<\/h4>\n<p>Zorlu ko\u015fullara en dayan\u0131kl\u0131 mobil yaz\u0131c\u0131lar\u0131 tasarlamak i\u00e7in s\u0131n\u0131rlar\u0131 zorlad\u0131k. \u0130lave dayan\u0131kl\u0131l\u0131\u011f\u0131n yan\u0131nda kaplamas\u0131z bask\u0131, en son ba\u011flant\u0131lar, y\u00fcksek kapasiteli bir pil ve Bluetooth Y\u00f6netimi gibi \u00f6zellikler sunan ZQ511, seriyi geli\u015ftiriyor. Benzersiz zeka ve g\u00fcvenlik ile ekibiniz \u00fcretken ve a\u011f\u0131n\u0131z g\u00fcvenli kalmaya devam eder.[\/vc_column_text][ld_spacer][ld_tabs style=&#8221;style09&#8243;][ld_tab_section title=&#8221;\u00d6zellikler&#8221; tab_id=&#8221;lqd-1653376168701-49002ac4-c98b&#8221;][ld_fancy_heading tag=&#8221;p&#8221;]BASKI GEN\u0130\u015eL\u0130\u011e\u0130<br \/>\n2,83 in\u00e7\/72 mm<\/p>\n<p>MEDYA RULOSU DI\u015e \u00c7API<br \/>\n2 in\u00e7\/51 mm<\/p>\n<p>BASKI HIZI<br \/>\nSaniyede 5 in\u00e7\/203 mm&#8217;ye kadar<\/p>\n<p>A\u011eIRLIK<br \/>\n1,39 lbs\/0,63 kg (pil ile birlikte)<\/p>\n<p>DAYANIKLILIK<br \/>\nToz ve s\u0131v\u0131lara kar\u015f\u0131 IP54 standard\u0131nda koruma<br \/>\n(D\u0131\u015ftaki sert k\u0131l\u0131f ile IP65 standard\u0131nda)<br \/>\n6,6 ft.\/2 m y\u00fcksekten beton zemine bir\u00e7ok kez d\u00fc\u015fme<br \/>\n(D\u0131\u015ftaki sert k\u0131l\u0131f ile 10 ft. \/ 3 m)<br \/>\nYuvarlanma dayan\u0131kl\u0131l\u0131k \u00f6zelli\u011fi 1300 kez 3,3 Ft. (1m) mesafeden test edildi.<\/p>\n<p>P\u0130L KAPAS\u0130TES\u0130<br \/>\nPowerPrecision Plus 3250 mAh \u00e7\u0131kar\u0131labilir Lityum \u0130yon Ak\u0131ll\u0131 Pil (7.4V)<br \/>\n(iste\u011fe ba\u011fl\u0131 4900 mAh ekstra g\u00fc\u00e7l\u00fc pil)[\/ld_fancy_heading][\/ld_tab_section][ld_tab_section title=&#8221;Sekt\u00f6rler&#8221; tab_id=&#8221;lqd-1653376168718-58aed1ab-67ee&#8221;][vc_column_text]<\/p>\n<ul>\n<li>Ta\u015f\u0131mac\u0131l\u0131k<\/li>\n<li><i class=\"icon-retail\"><\/i>Perakende<\/li>\n<li><i class=\"icon-manufacturing\"><\/i>\u0130malat<\/li>\n<li><i class=\"icon-warehouse-management\"><\/i>Depo Y\u00f6netimi<\/li>\n<li><i class=\"icon-hospitality\"><\/i>Konaklama ve A\u011f\u0131rlama<\/li>\n<\/ul>\n<p>[\/vc_column_text][\/ld_tab_section][ld_tab_section title=&#8221;Kullan\u0131m Alanlar\u0131&#8221; tab_id=&#8221;lqd-1653376209483-3275f1cb-e370&#8243;][vc_column_text]<\/p>\n<ul>\n<li>Saha Hizmetleri<\/li>\n<li>Do\u011frudan Ma\u011fazaya Teslim<\/li>\n<li>Havayolu Bagaj Etiketleme*<\/li>\n<li>Posta ve Kargo*<\/li>\n<li>Palet Etiketleme<\/li>\n<li>Paketleme\/Kullan\u0131ma Haz\u0131rlama\/\u00c7apraz<\/li>\n<li>Sevkiyat<\/li>\n<li>Varl\u0131k Etiketleme*<\/li>\n<li>Palet D\u00fczeyi Etiketleme*<\/li>\n<li>Enerji ve Saya\u00e7 Kullan\u0131m\u0131 Okuma<\/li>\n<li>Elektronik Tebligat, Ara\u00e7 Park Cezalar\u0131<\/li>\n<li>Savunma Lojisti\u011fi*<\/li>\n<li>Esrar Mevzuat\u0131na Uygunluk*<\/li>\n<li>T\u0131kla ve Al Fi\u015f ve Etiket Bask\u0131s\u0131<\/li>\n<li>Arabaya Servis Fi\u015f Bas\u0131m\u0131<\/li>\n<li>Ma\u011faza \u0130\u00e7i RFID \u0130stisna Etiketleri*<\/li>\n<li>G\u0131da Tedarik Zinciri \u0130zlenebilirli\u011fi*<\/li>\n<\/ul>\n<p>[\/vc_column_text][\/ld_tab_section][\/ld_tabs][\/vc_column][\/vc_row]<\/p>\n","protected":false},"excerpt":{"rendered":"<p>[vc_row][vc_column][vc_column_text css=&#8221;.vc_custom_1660118468970{margin-bottom: 1% !important;}&#8221;] MEVCUT EN DAYANIKLI, PREM\u0130UM 3 \u0130N\u00c7. BASKI GEN\u0130\u015eL\u0130\u011e\u0130 MOB\u0130L YAZICI KULLANILAB\u0130L\u0130R Zorlu ko\u015fullara en dayan\u0131kl\u0131 mobil yaz\u0131c\u0131lar\u0131 tasarlamak i\u00e7in s\u0131n\u0131rlar\u0131 zorlad\u0131k. \u0130lave dayan\u0131kl\u0131l\u0131\u011f\u0131n yan\u0131nda kaplamas\u0131z bask\u0131, en son ba\u011flant\u0131lar, y\u00fcksek kapasiteli bir pil ve Bluetooth Y\u00f6netimi gibi \u00f6zellikler sunan ZQ511, seriyi geli\u015ftiriyor. Benzersiz zeka ve g\u00fcvenlik ile ekibiniz \u00fcretken ve a\u011f\u0131n\u0131z [&hellip;]<\/p>\n","protected":false},"featured_media":1007,"comment_status":"closed","ping_status":"closed","template":"","meta":{"_joinchat":[]},"product_brand":[],"product_cat":[46,43],"product_tag":[],"class_list":{"0":"post-1004","1":"product","2":"type-product","3":"status-publish","4":"has-post-thumbnail","6":"product_cat-mobil-yazicilar","7":"product_cat-yazicilar","9":"first","10":"instock","11":"taxable","12":"shipping-taxable","13":"product-type-simple"},"_links":{"self":[{"href":"https:\/\/terateknoloji.com.tr\/index.php\/wp-json\/wp\/v2\/product\/1004","targetHints":{"allow":["GET"]}}],"collection":[{"href":"https:\/\/terateknoloji.com.tr\/index.php\/wp-json\/wp\/v2\/product"}],"about":[{"href":"https:\/\/terateknoloji.com.tr\/index.php\/wp-json\/wp\/v2\/types\/product"}],"replies":[{"embeddable":true,"href":"https:\/\/terateknoloji.com.tr\/index.php\/wp-json\/wp\/v2\/comments?post=1004"}],"wp:featuredmedia":[{"embeddable":true,"href":"https:\/\/terateknoloji.com.tr\/index.php\/wp-json\/wp\/v2\/media\/1007"}],"wp:attachment":[{"href":"https:\/\/terateknoloji.com.tr\/index.php\/wp-json\/wp\/v2\/media?parent=1004"}],"wp:term":[{"taxonomy":"product_brand","embeddable":true,"href":"https:\/\/terateknoloji.com.tr\/index.php\/wp-json\/wp\/v2\/product_brand?post=1004"},{"taxonomy":"product_cat","embeddable":true,"href":"https:\/\/terateknoloji.com.tr\/index.php\/wp-json\/wp\/v2\/product_cat?post=1004"},{"taxonomy":"product_tag","embeddable":true,"href":"https:\/\/terateknoloji.com.tr\/index.php\/wp-json\/wp\/v2\/product_tag?post=1004"}],"curies":[{"name":"wp","href":"https:\/\/api.w.org\/{rel}","templated":true}]}}